Last updated on 2024-05-04 03:50:38 CEST.
Flavor | Version | Tinstall | Tcheck | Ttotal | Status | Flags |
---|---|---|---|---|---|---|
r-devel-linux-x86_64-debian-clang | 1.4.3 | 8.55 | 150.02 | 158.57 | OK | |
r-devel-linux-x86_64-fedora-clang | 1.4.3 | 197.37 | NOTE | |||
r-devel-linux-x86_64-fedora-gcc | 1.4.3 | 220.40 | NOTE | |||
r-devel-windows-x86_64 | 1.4.3 | 9.00 | 161.00 | 170.00 | OK | |
r-patched-linux-x86_64 | 1.4.3 | 7.57 | 145.82 | 153.39 | OK | |
r-release-linux-x86_64 | 1.4.3 | 5.70 | 143.29 | 148.99 | OK | |
r-release-macos-arm64 | 1.4.3 | 54.00 | OK | |||
r-release-windows-x86_64 | 1.4.3 | 10.00 | 129.00 | 139.00 | OK | |
r-oldrel-macos-arm64 | 1.4.3 | 62.00 | OK | |||
r-oldrel-macos-x86_64 | 1.4.3 | 93.00 | NOTE | |||
r-oldrel-windows-x86_64 | 1.4.3 | 11.00 | 157.00 | 168.00 | OK |
Version: 1.4.3
Check: dependencies in R code
Result: NOTE
Namespace in Imports field not imported from: ‘rlang’
All declared Imports should be used.
Flavors: r-devel-linux-x86_64-fedora-clang, r-devel-linux-x86_64-fedora-gcc
Version: 1.4.3
Check: package dependencies
Result: NOTE
Package suggested but not available for checking: ‘NPRED’
Flavor: r-oldrel-macos-x86_64
These binaries (installable software) and packages are in development.
They may not be fully stable and should be used with caution. We make no claims about them.