Last updated on 2025-10-23 21:51:48 CEST.
Flavor | Version | Tinstall | Tcheck | Ttotal | Status | Flags |
---|---|---|---|---|---|---|
r-devel-linux-x86_64-debian-clang | 1.0 | 7.13 | 263.96 | 271.09 | NOTE | |
r-devel-linux-x86_64-debian-gcc | 1.0 | 5.58 | 162.73 | 168.31 | NOTE | |
r-devel-linux-x86_64-fedora-clang | 1.0 | 16.00 | 436.85 | 452.85 | OK | |
r-devel-linux-x86_64-fedora-gcc | 1.0 | 16.00 | 435.99 | 451.99 | OK | |
r-devel-windows-x86_64 | 1.0 | 9.00 | 238.00 | 247.00 | OK | |
r-patched-linux-x86_64 | 1.0 | 7.49 | 246.68 | 254.17 | OK | |
r-release-linux-x86_64 | 1.0 | 7.70 | 246.63 | 254.33 | OK | |
r-release-macos-arm64 | 1.0 | 4.00 | 125.00 | 129.00 | OK | |
r-release-macos-x86_64 | 1.0 | 7.00 | 279.00 | 286.00 | OK | |
r-release-windows-x86_64 | 1.0 | 8.00 | 240.00 | 248.00 | OK | |
r-oldrel-macos-arm64 | 1.0 | 3.00 | 109.00 | 112.00 | OK | |
r-oldrel-macos-x86_64 | 1.0 | 9.00 | 183.00 | 192.00 | OK | |
r-oldrel-windows-x86_64 | 1.0 | 11.00 | 322.00 | 333.00 | OK |
Version: 1.0
Check: CRAN incoming feasibility
Result: NOTE
Maintainer: ‘Lu Mao <lmao@biostat.wisc.edu>’
No Authors@R field in DESCRIPTION.
Please add one, modifying
Authors@R: c(person(given = "Lu",
family = "Mao",
role = c("aut", "cre"),
email = "lmao@biostat.wisc.edu"),
person(given = "Tuo",
family = "Wang",
role = "aut"))
as necessary.
Flavors: r-devel-linux-x86_64-debian-clang, r-devel-linux-x86_64-debian-gcc
These binaries (installable software) and packages are in development.
They may not be fully stable and should be used with caution. We make no claims about them.