Last updated on 2024-05-04 03:50:39 CEST.
Flavor | Version | Tinstall | Tcheck | Ttotal | Status | Flags |
---|---|---|---|---|---|---|
r-devel-linux-x86_64-debian-clang | 2.1.2 | 140.03 | 110.48 | 250.51 | OK | |
r-devel-linux-x86_64-fedora-clang | 2.1.2 | 311.95 | OK | |||
r-devel-linux-x86_64-fedora-gcc | 2.1.2 | 322.74 | OK | |||
r-devel-windows-x86_64 | 2.1.2 | 97.00 | 112.00 | 209.00 | OK | |
r-patched-linux-x86_64 | 2.1.2 | 124.62 | 101.83 | 226.45 | OK | |
r-release-linux-x86_64 | 2.1.2 | 126.08 | 103.34 | 229.42 | OK | |
r-release-macos-arm64 | 2.1.2 | 72.00 | NOTE | |||
r-release-windows-x86_64 | 2.1.2 | 98.00 | 110.00 | 208.00 | OK | |
r-oldrel-macos-arm64 | 2.1.2 | 89.00 | NOTE | |||
r-oldrel-macos-x86_64 | 2.1.2 | 143.00 | NOTE | |||
r-oldrel-windows-x86_64 | 2.1.2 | 117.00 | 138.00 | 255.00 | OK |
Version: 2.1.2
Check: installed package size
Result: NOTE
installed size is 10.2Mb
sub-directories of 1Mb or more:
libs 9.9Mb
Flavors: r-release-macos-arm64, r-oldrel-macos-arm64, r-oldrel-macos-x86_64
Version: 2.1.2
Check: package dependencies
Result: NOTE
Package suggested but not available for checking: ‘partitions’
Flavor: r-oldrel-macos-x86_64
These binaries (installable software) and packages are in development.
They may not be fully stable and should be used with caution. We make no claims about them.