CRAN Package Check Results for Package ZetaSuite

Last updated on 2025-07-12 13:48:43 CEST.

Flavor Version Tinstall Tcheck Ttotal Status Flags
r-devel-linux-x86_64-debian-clang 1.0.1 13.82 179.74 193.56 OK
r-devel-linux-x86_64-debian-gcc 1.0.1 9.76 130.12 139.88 OK
r-devel-linux-x86_64-fedora-clang 1.0.1 310.74 NOTE
r-devel-linux-x86_64-fedora-gcc 1.0.1 310.92 NOTE
r-devel-windows-x86_64 1.0.1 14.00 184.00 198.00 OK
r-patched-linux-x86_64 1.0.1 13.73 168.50 182.23 OK
r-release-linux-x86_64 1.0.1 14.14 176.70 190.84 OK
r-release-macos-arm64 1.0.1 97.00 OK
r-release-macos-x86_64 1.0.1 205.00 OK
r-release-windows-x86_64 1.0.1 16.00 185.00 201.00 OK
r-oldrel-macos-arm64 1.0.1 100.00 OK
r-oldrel-macos-x86_64 1.0.1 175.00 OK
r-oldrel-windows-x86_64 1.0.1 20.00 237.00 257.00 OK

Check Details

Version: 1.0.1
Check: dependencies in R code
Result: NOTE Namespace in Imports field not imported from: ‘dplyr’ All declared Imports should be used. Flavors: r-devel-linux-x86_64-fedora-clang, r-devel-linux-x86_64-fedora-gcc

These binaries (installable software) and packages are in development.
They may not be fully stable and should be used with caution. We make no claims about them.