CRAN Package Check Results for Package abess

Last updated on 2025-10-23 17:50:40 CEST.

Flavor Version Tinstall Tcheck Ttotal Status Flags
r-devel-linux-x86_64-debian-clang 0.4.10 208.51 91.54 300.05 OK
r-devel-linux-x86_64-debian-gcc 0.4.10 180.41 78.11 258.52 OK
r-devel-linux-x86_64-fedora-clang 0.4.10 354.00 93.87 447.87 OK
r-devel-linux-x86_64-fedora-gcc 0.4.10 522.00 71.39 593.39 OK
r-devel-windows-x86_64 0.4.10 202.00 129.00 331.00 OK
r-patched-linux-x86_64 0.4.10 240.29 102.83 343.12 OK
r-release-linux-x86_64 0.4.10 231.86 102.75 334.61 OK
r-release-macos-arm64 0.4.10 101.00 46.00 147.00 OK
r-release-macos-x86_64 0.4.10 199.00 120.00 319.00 OK
r-release-windows-x86_64 0.4.10 206.00 137.00 343.00 OK
r-oldrel-macos-arm64 0.4.10 90.00 56.00 146.00 NOTE
r-oldrel-macos-x86_64 0.4.10 225.00 102.00 327.00 NOTE
r-oldrel-windows-x86_64 0.4.10 238.00 166.00 404.00 OK

Check Details

Version: 0.4.10
Check: installed package size
Result: NOTE installed size is 107.0Mb sub-directories of 1Mb or more: libs 106.0Mb Flavors: r-oldrel-macos-arm64, r-oldrel-macos-x86_64

These binaries (installable software) and packages are in development.
They may not be fully stable and should be used with caution. We make no claims about them.