Last updated on 2024-05-04 03:50:11 CEST.
Flavor | Version | Tinstall | Tcheck | Ttotal | Status | Flags |
---|---|---|---|---|---|---|
r-devel-linux-x86_64-debian-clang | 0.2 | 7.21 | 54.02 | 61.23 | OK | |
r-devel-linux-x86_64-fedora-clang | 0.2 | 77.00 | NOTE | |||
r-devel-linux-x86_64-fedora-gcc | 0.2 | 73.38 | OK | |||
r-devel-windows-x86_64 | 0.2 | 7.00 | 66.00 | 73.00 | OK | |
r-patched-linux-x86_64 | 0.2 | 5.86 | 50.01 | 55.87 | OK | |
r-release-linux-x86_64 | 0.2 | 6.77 | 50.33 | 57.10 | OK | |
r-release-macos-arm64 | 0.2 | 25.00 | OK | |||
r-release-windows-x86_64 | 0.2 | 7.00 | 65.00 | 72.00 | OK | |
r-oldrel-macos-arm64 | 0.2 | 27.00 | OK | |||
r-oldrel-macos-x86_64 | 0.2 | 39.00 | OK | |||
r-oldrel-windows-x86_64 | 0.2 | 9.00 | 68.00 | 77.00 | OK |
Version: 0.2
Check: Rd cross-references
Result: NOTE
Undeclared package ‘CCA’ in Rd xrefs
Flavor: r-devel-linux-x86_64-fedora-clang
These binaries (installable software) and packages are in development.
They may not be fully stable and should be used with caution. We make no claims about them.