Last updated on 2025-10-23 21:51:19 CEST.
| Flavor | Version | Tinstall | Tcheck | Ttotal | Status | Flags |
|---|---|---|---|---|---|---|
| r-devel-linux-x86_64-debian-clang | 1.1 | 11.16 | 113.76 | 124.92 | NOTE | |
| r-devel-linux-x86_64-debian-gcc | 1.1 | 9.49 | 77.98 | 87.47 | NOTE | |
| r-devel-linux-x86_64-fedora-clang | 1.1 | 29.00 | 164.78 | 193.78 | OK | |
| r-devel-linux-x86_64-fedora-gcc | 1.1 | 26.00 | 159.25 | 185.25 | OK | |
| r-devel-windows-x86_64 | 1.1 | 15.00 | 125.00 | 140.00 | OK | |
| r-patched-linux-x86_64 | 1.1 | 13.18 | 106.54 | 119.72 | OK | |
| r-release-linux-x86_64 | 1.1 | 12.70 | 108.91 | 121.61 | OK | |
| r-release-macos-arm64 | 1.1 | 5.00 | 41.00 | 46.00 | OK | |
| r-release-macos-x86_64 | 1.1 | 10.00 | 85.00 | 95.00 | OK | |
| r-release-windows-x86_64 | 1.1 | 18.00 | 127.00 | 145.00 | OK | |
| r-oldrel-macos-arm64 | 1.1 | 5.00 | 44.00 | 49.00 | OK | |
| r-oldrel-macos-x86_64 | 1.1 | 9.00 | 66.00 | 75.00 | OK | |
| r-oldrel-windows-x86_64 | 1.1 | 20.00 | 165.00 | 185.00 | OK |
Version: 1.1
Check: CRAN incoming feasibility
Result: NOTE
Maintainer: ‘Alexander Sohn <asohn@uni-goettingen.de>’
No Authors@R field in DESCRIPTION.
Please add one, modifying
Authors@R: person(given = "Alexander",
family = "Sohn",
role = c("aut", "cre"),
email = "asohn@uni-goettingen.de")
as necessary.
Flavors: r-devel-linux-x86_64-debian-clang, r-devel-linux-x86_64-debian-gcc
These binaries (installable software) and packages are in development.
They may not be fully stable and should be used with caution. We make no claims about them.