Last updated on 2024-05-04 03:50:11 CEST.
Flavor | Version | Tinstall | Tcheck | Ttotal | Status | Flags |
---|---|---|---|---|---|---|
r-devel-linux-x86_64-debian-clang | 0.1.3 | 33.17 | 300.45 | 333.62 | OK | |
r-devel-linux-x86_64-fedora-clang | 0.1.3 | 449.53 | OK | |||
r-devel-linux-x86_64-fedora-gcc | 0.1.3 | 454.76 | OK | |||
r-devel-windows-x86_64 | 0.1.3 | 28.00 | 221.00 | 249.00 | OK | |
r-patched-linux-x86_64 | 0.1.3 | 27.00 | 297.14 | 324.14 | OK | |
r-release-linux-x86_64 | 0.1.3 | 19.83 | 297.10 | 316.93 | OK | |
r-release-macos-arm64 | 0.1.3 | 122.00 | OK | |||
r-release-macos-x86_64 | 0.1.3 | 238.00 | OK | |||
r-release-windows-x86_64 | 0.1.3 | 26.00 | 218.00 | 244.00 | OK | |
r-oldrel-macos-arm64 | 0.1.3 | 10.00 | ERROR | |||
r-oldrel-macos-x86_64 | 0.1.3 | 8.00 | ERROR | |||
r-oldrel-windows-x86_64 | 0.1.3 | 34.00 | 281.00 | 315.00 | OK |
Version: 0.1.3
Check: package dependencies
Result: ERROR
Package required but not available: ‘phyloseq’
See section ‘The DESCRIPTION file’ in the ‘Writing R Extensions’
manual.
Flavors: r-oldrel-macos-arm64, r-oldrel-macos-x86_64
These binaries (installable software) and packages are in development.
They may not be fully stable and should be used with caution. We make no claims about them.