Last updated on 2024-05-04 03:50:11 CEST.
Flavor | Version | Tinstall | Tcheck | Ttotal | Status | Flags |
---|---|---|---|---|---|---|
r-devel-linux-x86_64-debian-clang | 0.11.0.1 | 132.17 | 23.83 | 156.00 | OK | |
r-devel-linux-x86_64-fedora-clang | 0.11.0.1 | 178.56 | OK | |||
r-devel-linux-x86_64-fedora-gcc | 0.11.0.1 | 286.84 | OK | |||
r-devel-windows-x86_64 | 0.11.0.1 | 132.00 | 71.00 | 203.00 | OK | |
r-patched-linux-x86_64 | 0.11.0.1 | 161.58 | 23.13 | 184.71 | OK | |
r-release-linux-x86_64 | 0.11.0.1 | 156.51 | 22.65 | 179.16 | OK | |
r-release-macos-arm64 | 0.11.0.1 | 66.00 | NOTE | |||
r-release-macos-x86_64 | 0.11.0.1 | 119.00 | NOTE | |||
r-release-windows-x86_64 | 0.11.0.1 | 128.00 | 65.00 | 193.00 | OK | |
r-oldrel-macos-arm64 | 0.11.0.1 | 65.00 | NOTE | |||
r-oldrel-macos-x86_64 | 0.11.0.1 | 100.00 | NOTE | |||
r-oldrel-windows-x86_64 | 0.11.0.1 | 158.00 | 70.00 | 228.00 | OK |
Version: 0.11.0.1
Check: installed package size
Result: NOTE
installed size is 11.7Mb
sub-directories of 1Mb or more:
libs 11.6Mb
Flavors: r-release-macos-arm64, r-release-macos-x86_64, r-oldrel-macos-arm64, r-oldrel-macos-x86_64
Version: 0.11.0.1
Check: compiled code
Result: NOTE
File ‘adbcsqlite/libs/adbcsqlite.so’:
Found ‘___stderrp’, possibly from ‘stderr’ (C)
Object: ‘c/vendor/sqlite3/sqlite3.o’
Found ‘_random’, possibly from ‘random’ (C)
Object: ‘c/vendor/sqlite3/sqlite3.o’
Compiled code should not call entry points which might terminate R nor
write to stdout/stderr instead of to the console, nor use Fortran I/O
nor system RNGs nor [v]sprintf.
See ‘Writing portable packages’ in the ‘Writing R Extensions’ manual.
Flavors: r-release-macos-arm64, r-release-macos-x86_64, r-oldrel-macos-arm64, r-oldrel-macos-x86_64
These binaries (installable software) and packages are in development.
They may not be fully stable and should be used with caution. We make no claims about them.