Last updated on 2024-05-04 03:50:11 CEST.
Flavor | Version | Tinstall | Tcheck | Ttotal | Status | Flags |
---|---|---|---|---|---|---|
r-devel-linux-x86_64-debian-clang | 0.3.16 | 8.47 | 63.24 | 71.71 | NOTE | |
r-devel-linux-x86_64-fedora-clang | 0.3.16 | 92.34 | NOTE | |||
r-devel-linux-x86_64-fedora-gcc | 0.3.16 | 104.90 | NOTE | |||
r-devel-windows-x86_64 | 0.3.16 | 11.00 | 89.00 | 100.00 | NOTE | |
r-patched-linux-x86_64 | 0.3.16 | 8.17 | 62.35 | 70.52 | NOTE | |
r-release-linux-x86_64 | 0.3.16 | 9.04 | 62.57 | 71.61 | NOTE | |
r-release-macos-arm64 | 0.3.16 | 41.00 | NOTE | |||
r-release-windows-x86_64 | 0.3.16 | 11.00 | 87.00 | 98.00 | NOTE | |
r-oldrel-macos-arm64 | 0.3.16 | 44.00 | OK | |||
r-oldrel-macos-x86_64 | 0.3.16 | 68.00 | OK | |||
r-oldrel-windows-x86_64 | 0.3.16 | 10.00 | 90.00 | 100.00 | OK |
Version: 0.3.16
Check: Rd files
Result: NOTE
checkRd: (-1) adeoptions.Rd:21-23: Lost braces
21 | \code{epsilon}{ the smallest significant distance between two points
| ^
checkRd: (-1) adeoptions.Rd:25-27: Lost braces
25 | \code{shortprint}{ logical. Defines whether special \code{show}
| ^
Flavors: r-devel-linux-x86_64-debian-clang, r-devel-linux-x86_64-fedora-clang, r-devel-linux-x86_64-fedora-gcc, r-devel-windows-x86_64, r-patched-linux-x86_64, r-release-linux-x86_64, r-release-macos-arm64, r-release-windows-x86_64
These binaries (installable software) and packages are in development.
They may not be fully stable and should be used with caution. We make no claims about them.