Last updated on 2025-11-21 07:49:29 CET.
| Flavor | Version | Tinstall | Tcheck | Ttotal | Status | Flags |
|---|---|---|---|---|---|---|
| r-devel-linux-x86_64-debian-clang | 1.3-7 | 14.15 | 132.42 | 146.57 | NOTE | |
| r-devel-linux-x86_64-debian-gcc | 1.3-7 | 8.33 | 91.77 | 100.10 | NOTE | |
| r-devel-linux-x86_64-fedora-clang | 1.3-7 | 26.00 | 200.12 | 226.12 | OK | |
| r-devel-linux-x86_64-fedora-gcc | 1.3-7 | 29.00 | 191.19 | 220.19 | OK | |
| r-devel-windows-x86_64 | 1.3-7 | 18.00 | 163.00 | 181.00 | OK | |
| r-patched-linux-x86_64 | 1.3-7 | 17.13 | 120.83 | 137.96 | OK | |
| r-release-linux-x86_64 | 1.3-7 | 11.07 | 121.04 | 132.11 | OK | |
| r-release-macos-arm64 | 1.3-7 | OK | ||||
| r-release-macos-x86_64 | 1.3-7 | 12.00 | 143.00 | 155.00 | OK | |
| r-release-windows-x86_64 | 1.3-7 | 17.00 | 166.00 | 183.00 | OK | |
| r-oldrel-macos-arm64 | 1.3-7 | OK | ||||
| r-oldrel-macos-x86_64 | 1.3-7 | 13.00 | 107.00 | 120.00 | OK | |
| r-oldrel-windows-x86_64 | 1.3-7 | 23.00 | 190.00 | 213.00 | OK |
Version: 1.3-7
Check: CRAN incoming feasibility
Result: NOTE
Maintainer: ‘Felipe de Mendiburu <fmendiburu@lamolina.edu.pe>’
No Authors@R field in DESCRIPTION.
Please add one, modifying
Authors@R: person(given = "Felipe",
family = "de Mendiburu",
role = c("aut", "cre"),
email = "fmendiburu@lamolina.edu.pe")
as necessary.
Flavors: r-devel-linux-x86_64-debian-clang, r-devel-linux-x86_64-debian-gcc
These binaries (installable software) and packages are in development.
They may not be fully stable and should be used with caution. We make no claims about them.