Last updated on 2024-05-04 03:50:12 CEST.
Flavor | Version | Tinstall | Tcheck | Ttotal | Status | Flags |
---|---|---|---|---|---|---|
r-devel-linux-x86_64-debian-clang | 1.3.0 | 0.96 | 2.87 | 3.83 | ERROR | |
r-devel-linux-x86_64-fedora-clang | 1.3.0 | 1027.29 | NOTE | |||
r-devel-linux-x86_64-fedora-gcc | 1.3.0 | 932.67 | NOTE | |||
r-devel-windows-x86_64 | 1.3.0 | 63.00 | 643.00 | 706.00 | NOTE | |
r-patched-linux-x86_64 | 1.3.0 | 72.04 | 643.23 | 715.27 | NOTE | |
r-release-linux-x86_64 | 1.3.0 | 50.43 | 649.79 | 700.22 | NOTE | |
r-release-macos-arm64 | 1.3.0 | 250.00 | NOTE | |||
r-release-macos-x86_64 | 1.3.0 | 480.00 | OK | |||
r-release-windows-x86_64 | 1.3.0 | 58.00 | 621.00 | 679.00 | NOTE | |
r-oldrel-macos-arm64 | 1.3.0 | 235.00 | OK | |||
r-oldrel-macos-x86_64 | 1.3.0 | 560.00 | OK | |||
r-oldrel-windows-x86_64 | 1.3.0 | 80.00 | 777.00 | 857.00 | OK |
Version: 1.3.0
Check: package dependencies
Result: ERROR
Package required but not available: ‘GenomicAlignments’
See section ‘The DESCRIPTION file’ in the ‘Writing R Extensions’
manual.
Flavor: r-devel-linux-x86_64-debian-clang
Version: 1.3.0
Check: Rd files
Result: NOTE
checkRd: (-1) buildPhylipLineage.Rd:61: Lost braces; missing escapes or markup?
61 | names with the format {"Inferred1", "Inferred2", ...}.
| ^
Flavors: r-devel-linux-x86_64-fedora-clang, r-devel-linux-x86_64-fedora-gcc, r-devel-windows-x86_64, r-patched-linux-x86_64, r-release-linux-x86_64, r-release-macos-arm64, r-release-windows-x86_64
These binaries (installable software) and packages are in development.
They may not be fully stable and should be used with caution. We make no claims about them.