Last updated on 2024-05-04 03:50:12 CEST.
Flavor | Version | Tinstall | Tcheck | Ttotal | Status | Flags |
---|---|---|---|---|---|---|
r-devel-linux-x86_64-debian-clang | 0.3.0 | 7.94 | 90.99 | 98.93 | NOTE | |
r-devel-linux-x86_64-fedora-clang | 0.3.0 | 183.40 | NOTE | |||
r-devel-linux-x86_64-fedora-gcc | 0.3.0 | 171.25 | NOTE | |||
r-devel-windows-x86_64 | 0.3.0 | 10.00 | 86.00 | 96.00 | NOTE | |
r-patched-linux-x86_64 | 0.3.0 | 5.39 | 127.27 | 132.66 | OK | |
r-release-linux-x86_64 | 0.3.0 | 6.49 | 128.52 | 135.01 | OK | |
r-release-macos-arm64 | 0.3.0 | 44.00 | NOTE | |||
r-release-macos-x86_64 | 0.3.0 | 144.00 | OK | |||
r-release-windows-x86_64 | 0.3.0 | 10.00 | 83.00 | 93.00 | NOTE | |
r-oldrel-macos-arm64 | 0.3.0 | 45.00 | NOTE | |||
r-oldrel-macos-x86_64 | 0.3.0 | 100.00 | NOTE | |||
r-oldrel-windows-x86_64 | 0.3.0 | 13.00 | 96.00 | 109.00 | NOTE |
Version: 0.3.0
Check: package dependencies
Result: NOTE
Package suggested but not available for checking: ‘metaboliteIDmapping’
Flavors: r-devel-linux-x86_64-debian-clang, r-devel-windows-x86_64, r-release-macos-arm64, r-release-windows-x86_64, r-oldrel-macos-arm64, r-oldrel-macos-x86_64, r-oldrel-windows-x86_64
Version: 0.3.0
Check: dependencies in R code
Result: NOTE
Namespaces in Imports field not imported from:
‘magrittr’ ‘tidyverse’
All declared Imports should be used.
Flavors: r-devel-linux-x86_64-fedora-clang, r-devel-linux-x86_64-fedora-gcc
These binaries (installable software) and packages are in development.
They may not be fully stable and should be used with caution. We make no claims about them.