Last updated on 2024-05-04 03:50:12 CEST.
Flavor | Version | Tinstall | Tcheck | Ttotal | Status | Flags |
---|---|---|---|---|---|---|
r-devel-linux-x86_64-debian-clang | 1.1.0 | 38.17 | 179.18 | 217.35 | OK | |
r-devel-linux-x86_64-fedora-clang | 1.1.0 | 278.84 | NOTE | |||
r-devel-linux-x86_64-fedora-gcc | 1.1.0 | 272.56 | NOTE | |||
r-devel-windows-x86_64 | 1.1.0 | 32.00 | 155.00 | 187.00 | OK | |
r-patched-linux-x86_64 | 1.1.0 | 32.04 | 165.72 | 197.76 | OK | |
r-release-linux-x86_64 | 1.1.0 | 25.64 | 169.11 | 194.75 | OK | |
r-release-macos-arm64 | 1.1.0 | 78.00 | OK | |||
r-release-windows-x86_64 | 1.1.0 | 32.00 | 166.00 | 198.00 | OK | |
r-oldrel-macos-arm64 | 1.1.0 | 84.00 | OK | |||
r-oldrel-macos-x86_64 | 1.1.0 | 138.00 | OK | |||
r-oldrel-windows-x86_64 | 1.1.0 | 42.00 | 191.00 | 233.00 | OK |
Version: 1.1.0
Check: dependencies in R code
Result: NOTE
Namespace in Imports field not imported from: ‘kernlab’
All declared Imports should be used.
Flavors: r-devel-linux-x86_64-fedora-clang, r-devel-linux-x86_64-fedora-gcc
These binaries (installable software) and packages are in development.
They may not be fully stable and should be used with caution. We make no claims about them.