Last updated on 2024-05-04 03:50:12 CEST.
Flavor | Version | Tinstall | Tcheck | Ttotal | Status | Flags |
---|---|---|---|---|---|---|
r-devel-linux-x86_64-debian-clang | 0.99.26 | 12.63 | 95.80 | 108.43 | NOTE | |
r-devel-linux-x86_64-fedora-clang | 0.99.26 | 135.77 | NOTE | |||
r-devel-linux-x86_64-fedora-gcc | 0.99.26 | 150.91 | NOTE | |||
r-devel-windows-x86_64 | 0.99.26 | 12.00 | 156.00 | 168.00 | NOTE | |
r-patched-linux-x86_64 | 0.99.26 | 13.98 | 88.48 | 102.46 | NOTE | |
r-release-linux-x86_64 | 0.99.26 | 12.50 | 89.92 | 102.42 | NOTE | |
r-release-macos-arm64 | 0.99.26 | 44.00 | NOTE | |||
r-release-windows-x86_64 | 0.99.26 | 13.00 | 90.00 | 103.00 | NOTE | |
r-oldrel-macos-arm64 | 0.99.26 | 45.00 | OK | |||
r-oldrel-macos-x86_64 | 0.99.26 | 72.00 | NOTE | |||
r-oldrel-windows-x86_64 | 0.99.26 | 12.00 | 104.00 | 116.00 | OK |
Version: 0.99.26
Check: Rd files
Result: NOTE
checkRd: (-1) PS-methods.Rd:61: Lost braces in \itemize; \value handles \item{}{} directly
checkRd: (-1) PS-methods.Rd:62: Lost braces in \itemize; \value handles \item{}{} directly
checkRd: (-1) PS-methods.Rd:63: Lost braces in \itemize; \value handles \item{}{} directly
checkRd: (-1) PS-methods.Rd:64: Lost braces in \itemize; \value handles \item{}{} directly
checkRd: (-1) PS-methods.Rd:65-67: Lost braces in \itemize; \value handles \item{}{} directly
checkRd: (-1) Sim-Functions.Rd:126: Lost braces in \itemize; meant \describe ?
checkRd: (-1) Sim-Functions.Rd:127-129: Lost braces in \itemize; meant \describe ?
checkRd: (-1) Sim-Functions.Rd:135: Lost braces in \itemize; meant \describe ?
checkRd: (-1) Sim-Functions.Rd:136-137: Lost braces in \itemize; meant \describe ?
checkRd: (-1) Sim-Functions.Rd:138-140: Lost braces in \itemize; meant \describe ?
checkRd: (-1) Sim-Functions.Rd:141-143: Lost braces in \itemize; meant \describe ?
Flavors: r-devel-linux-x86_64-debian-clang, r-devel-linux-x86_64-fedora-clang, r-devel-linux-x86_64-fedora-gcc, r-devel-windows-x86_64, r-patched-linux-x86_64, r-release-linux-x86_64, r-release-macos-arm64, r-release-windows-x86_64
Version: 0.99.26
Check: package dependencies
Result: NOTE
Package suggested but not available for checking: ‘competitiontoolbox’
Flavor: r-oldrel-macos-x86_64
Version: 0.99.26
Check: Rd cross-references
Result: NOTE
Package unavailable to check Rd xrefs: ‘competitiontoolbox’
Flavor: r-oldrel-macos-x86_64
These binaries (installable software) and packages are in development.
They may not be fully stable and should be used with caution. We make no claims about them.