Last updated on 2024-05-04 03:50:12 CEST.
Flavor | Version | Tinstall | Tcheck | Ttotal | Status | Flags |
---|---|---|---|---|---|---|
r-devel-linux-x86_64-debian-clang | 1.0.5 | 1.74 | 539.56 | 541.30 | NOTE | |
r-devel-linux-x86_64-fedora-clang | 1.0.5 | 612.78 | NOTE | |||
r-devel-linux-x86_64-fedora-gcc | 1.0.5 | 388.80 | NOTE | |||
r-devel-windows-x86_64 | 1.0.5 | 4.00 | 158.00 | 162.00 | NOTE | |
r-patched-linux-x86_64 | 1.0.5 | 2.08 | 555.95 | 558.03 | NOTE | |
r-release-linux-x86_64 | 1.0.5 | 1.57 | 514.26 | 515.83 | NOTE | |
r-release-macos-arm64 | 1.0.5 | 87.00 | NOTE | |||
r-release-windows-x86_64 | 1.0.5 | 4.00 | 78.00 | 82.00 | NOTE | |
r-oldrel-macos-arm64 | 1.0.5 | 69.00 | NOTE | |||
r-oldrel-macos-x86_64 | 1.0.5 | 97.00 | NOTE | |||
r-oldrel-windows-x86_64 | 1.0.5 | 5.00 | 77.00 | 82.00 | NOTE |
Version: 1.0.5
Check: LazyData
Result: NOTE
'LazyData' is specified without a 'data' directory
Flavors: r-devel-linux-x86_64-debian-clang, r-devel-linux-x86_64-fedora-clang, r-devel-linux-x86_64-fedora-gcc, r-devel-windows-x86_64, r-patched-linux-x86_64, r-release-linux-x86_64, r-release-macos-arm64, r-release-windows-x86_64, r-oldrel-macos-arm64, r-oldrel-macos-x86_64, r-oldrel-windows-x86_64
Version: 1.0.5
Check: dependencies in R code
Result: NOTE
Namespaces in Imports field not imported from:
‘curl’ ‘httr’
All declared Imports should be used.
Flavors: r-devel-linux-x86_64-fedora-clang, r-devel-linux-x86_64-fedora-gcc
These binaries (installable software) and packages are in development.
They may not be fully stable and should be used with caution. We make no claims about them.