Last updated on 2024-05-04 03:50:12 CEST.
Flavor | Version | Tinstall | Tcheck | Ttotal | Status | Flags |
---|---|---|---|---|---|---|
r-devel-linux-x86_64-debian-clang | 0.3.9 | 26.36 | 39.37 | 65.73 | NOTE | |
r-devel-linux-x86_64-fedora-clang | 0.3.9 | 83.94 | NOTE | |||
r-devel-linux-x86_64-fedora-gcc | 0.3.9 | 99.01 | NOTE | |||
r-devel-windows-x86_64 | 0.3.9 | 28.00 | 96.00 | 124.00 | NOTE | |
r-patched-linux-x86_64 | 0.3.9 | 23.88 | 37.67 | 61.55 | NOTE | |
r-release-linux-x86_64 | 0.3.9 | 23.72 | 38.02 | 61.74 | NOTE | |
r-release-macos-arm64 | 0.3.9 | 34.00 | NOTE | |||
r-release-windows-x86_64 | 0.3.9 | 28.00 | 78.00 | 106.00 | NOTE | |
r-oldrel-macos-arm64 | 0.3.9 | 38.00 | NOTE | |||
r-oldrel-macos-x86_64 | 0.3.9 | 57.00 | NOTE | |||
r-oldrel-windows-x86_64 | 0.3.9 | 27.00 | 85.00 | 112.00 | NOTE |
Version: 0.3.9
Check: C++ specification
Result: NOTE
Specified C++11: please drop specification unless essential
Flavors: r-devel-linux-x86_64-debian-clang, r-devel-linux-x86_64-fedora-clang, r-devel-linux-x86_64-fedora-gcc, r-devel-windows-x86_64, r-patched-linux-x86_64, r-release-linux-x86_64, r-release-macos-arm64, r-release-windows-x86_64, r-oldrel-macos-arm64, r-oldrel-macos-x86_64, r-oldrel-windows-x86_64
These binaries (installable software) and packages are in development.
They may not be fully stable and should be used with caution. We make no claims about them.