Last updated on 2025-11-17 05:49:31 CET.
| Flavor | Version | Tinstall | Tcheck | Ttotal | Status | Flags |
|---|---|---|---|---|---|---|
| r-devel-linux-x86_64-debian-clang | 1.0.0 | 3.56 | 26.75 | 30.31 | NOTE | |
| r-devel-linux-x86_64-debian-gcc | 1.0.0 | 3.03 | 21.91 | 24.94 | NOTE | |
| r-devel-linux-x86_64-fedora-clang | 1.0.0 | 21.00 | 26.53 | 47.53 | NOTE | |
| r-devel-linux-x86_64-fedora-gcc | 1.0.0 | 43.79 | NOTE | |||
| r-devel-windows-x86_64 | 1.0.0 | 7.00 | 50.00 | 57.00 | NOTE | |
| r-patched-linux-x86_64 | 1.0.0 | 4.01 | 25.56 | 29.57 | NOTE | |
| r-release-linux-x86_64 | 1.0.0 | 3.63 | 25.67 | 29.30 | NOTE | |
| r-release-macos-arm64 | 1.0.0 | 3.00 | 18.00 | 21.00 | NOTE | |
| r-release-macos-x86_64 | 1.0.0 | 5.00 | 30.00 | 35.00 | NOTE | |
| r-release-windows-x86_64 | 1.0.0 | 6.00 | 48.00 | 54.00 | NOTE | |
| r-oldrel-macos-arm64 | 1.0.0 | 3.00 | 23.00 | 26.00 | NOTE | |
| r-oldrel-macos-x86_64 | 1.0.0 | 5.00 | 23.00 | 28.00 | NOTE | |
| r-oldrel-windows-x86_64 | 1.0.0 | 7.00 | 57.00 | 64.00 | NOTE |
Version: 1.0.0
Check: Rd files
Result: NOTE
checkRd: (-1) breast_cancer_clean_features.Rd:45: Escaped LaTeX specials: \&
Flavors: r-devel-linux-x86_64-debian-clang, r-devel-linux-x86_64-debian-gcc, r-devel-linux-x86_64-fedora-clang, r-devel-linux-x86_64-fedora-gcc, r-devel-windows-x86_64, r-patched-linux-x86_64, r-release-linux-x86_64, r-release-macos-arm64, r-release-macos-x86_64, r-release-windows-x86_64, r-oldrel-macos-arm64, r-oldrel-macos-x86_64, r-oldrel-windows-x86_64
These binaries (installable software) and packages are in development.
They may not be fully stable and should be used with caution. We make no claims about them.