Last updated on 2024-05-04 03:50:12 CEST.
Flavor | Version | Tinstall | Tcheck | Ttotal | Status | Flags |
---|---|---|---|---|---|---|
r-devel-linux-x86_64-debian-clang | 2021.1.2 | 3.81 | 175.51 | 179.32 | OK | |
r-devel-linux-x86_64-fedora-clang | 2021.1.2 | 247.83 | NOTE | |||
r-devel-linux-x86_64-fedora-gcc | 2021.1.2 | 284.37 | NOTE | |||
r-devel-windows-x86_64 | 2021.1.2 | 4.00 | 177.00 | 181.00 | OK | |
r-patched-linux-x86_64 | 2021.1.2 | 2.32 | 205.12 | 207.44 | OK | |
r-release-linux-x86_64 | 2021.1.2 | 2.83 | 201.39 | 204.22 | OK | |
r-release-macos-arm64 | 2021.1.2 | 79.00 | OK | |||
r-release-windows-x86_64 | 2021.1.2 | 5.00 | 158.00 | 163.00 | OK | |
r-oldrel-macos-arm64 | 2021.1.2 | 100.00 | OK | |||
r-oldrel-macos-x86_64 | 2021.1.2 | 150.00 | OK | |||
r-oldrel-windows-x86_64 | 2021.1.2 | 6.00 | 218.00 | 224.00 | OK |
Version: 2021.1.2
Check: dependencies in R code
Result: NOTE
Namespaces in Imports field not imported from:
‘dlnm’ ‘ggplot2’ ‘mvmeta’ ‘pbs’ ‘tsModel’
All declared Imports should be used.
Flavors: r-devel-linux-x86_64-fedora-clang, r-devel-linux-x86_64-fedora-gcc
These binaries (installable software) and packages are in development.
They may not be fully stable and should be used with caution. We make no claims about them.