Last updated on 2024-05-04 03:50:12 CEST.
Flavor | Version | Tinstall | Tcheck | Ttotal | Status | Flags |
---|---|---|---|---|---|---|
r-devel-linux-x86_64-debian-clang | 1.4.3 | 89.49 | 127.99 | 217.48 | NOTE | |
r-devel-linux-x86_64-fedora-clang | 1.4.3 | 266.63 | NOTE | |||
r-devel-linux-x86_64-fedora-gcc | 1.4.3 | 283.94 | NOTE | |||
r-devel-windows-x86_64 | 1.4.3 | 64.00 | 127.00 | 191.00 | NOTE | |
r-patched-linux-x86_64 | 1.4.3 | 87.53 | 123.99 | 211.52 | NOTE | |
r-release-linux-x86_64 | 1.4.3 | 90.39 | 124.84 | 215.23 | NOTE | |
r-release-macos-arm64 | 1.4.3 | 62.00 | NOTE | |||
r-release-windows-x86_64 | 1.4.3 | 63.00 | 122.00 | 185.00 | NOTE | |
r-oldrel-macos-arm64 | 1.4.3 | 75.00 | NOTE | |||
r-oldrel-macos-x86_64 | 1.4.3 | 124.00 | NOTE | |||
r-oldrel-windows-x86_64 | 1.4.3 | 82.00 | 165.00 | 247.00 | NOTE |
Version: 1.4.3
Check: C++ specification
Result: NOTE
Specified C++11: please drop specification unless essential
Flavors: r-devel-linux-x86_64-debian-clang, r-devel-linux-x86_64-fedora-clang, r-devel-linux-x86_64-fedora-gcc, r-devel-windows-x86_64, r-patched-linux-x86_64, r-release-linux-x86_64, r-release-macos-arm64, r-release-windows-x86_64, r-oldrel-macos-arm64, r-oldrel-macos-x86_64, r-oldrel-windows-x86_64
Version: 1.4.3
Check: installed package size
Result: NOTE
installed size is 26.6Mb
sub-directories of 1Mb or more:
libs 26.4Mb
Flavors: r-release-macos-arm64, r-oldrel-macos-arm64, r-oldrel-macos-x86_64
These binaries (installable software) and packages are in development.
They may not be fully stable and should be used with caution. We make no claims about them.