Last updated on 2024-05-04 03:50:12 CEST.
Flavor | Version | Tinstall | Tcheck | Ttotal | Status | Flags |
---|---|---|---|---|---|---|
r-devel-linux-x86_64-debian-clang | 1.3.2 | 4.44 | 43.95 | 48.39 | NOTE | |
r-devel-linux-x86_64-fedora-clang | 1.3.2 | 62.41 | NOTE | |||
r-devel-linux-x86_64-fedora-gcc | 1.3.2 | 71.67 | NOTE | |||
r-devel-windows-x86_64 | 1.3.2 | 5.00 | 61.00 | 66.00 | NOTE | |
r-patched-linux-x86_64 | 1.3.2 | 5.83 | 43.37 | 49.20 | NOTE | |
r-release-linux-x86_64 | 1.3.2 | 3.13 | 42.84 | 45.97 | NOTE | |
r-release-macos-arm64 | 1.3.2 | 27.00 | NOTE | |||
r-release-windows-x86_64 | 1.3.2 | 5.00 | 58.00 | 63.00 | NOTE | |
r-oldrel-macos-arm64 | 1.3.2 | 27.00 | NOTE | |||
r-oldrel-macos-x86_64 | 1.3.2 | 42.00 | NOTE | |||
r-oldrel-windows-x86_64 | 1.3.2 | 9.00 | 61.00 | 70.00 | NOTE |
Version: 1.3.2
Check: LazyData
Result: NOTE
'LazyData' is specified without a 'data' directory
Flavors: r-devel-linux-x86_64-debian-clang, r-devel-linux-x86_64-fedora-clang, r-devel-linux-x86_64-fedora-gcc, r-devel-windows-x86_64, r-patched-linux-x86_64, r-release-linux-x86_64, r-release-macos-arm64, r-release-windows-x86_64, r-oldrel-macos-arm64, r-oldrel-macos-x86_64, r-oldrel-windows-x86_64
These binaries (installable software) and packages are in development.
They may not be fully stable and should be used with caution. We make no claims about them.