Last updated on 2024-05-04 03:50:12 CEST.
Flavor | Version | Tinstall | Tcheck | Ttotal | Status | Flags |
---|---|---|---|---|---|---|
r-devel-linux-x86_64-debian-clang | 0.1.3 | 37.74 | 77.30 | 115.04 | NOTE | |
r-devel-linux-x86_64-fedora-clang | 0.1.3 | 157.53 | NOTE | |||
r-devel-linux-x86_64-fedora-gcc | 0.1.3 | 160.44 | NOTE | |||
r-devel-windows-x86_64 | 0.1.3 | 31.00 | 105.00 | 136.00 | NOTE | |
r-patched-linux-x86_64 | 0.1.3 | 32.68 | 75.56 | 108.24 | NOTE | |
r-release-linux-x86_64 | 0.1.3 | 26.73 | 75.10 | 101.83 | NOTE | |
r-release-macos-arm64 | 0.1.3 | 48.00 | NOTE | |||
r-release-windows-x86_64 | 0.1.3 | 31.00 | 102.00 | 133.00 | NOTE | |
r-oldrel-macos-arm64 | 0.1.3 | 53.00 | OK | |||
r-oldrel-macos-x86_64 | 0.1.3 | 82.00 | OK | |||
r-oldrel-windows-x86_64 | 0.1.3 | 38.00 | 126.00 | 164.00 | OK |
Version: 0.1.3
Check: Rd files
Result: NOTE
checkRd: (-1) avar_mo_cpp.Rd:15: Lost braces in \itemize; \value handles \item{}{} directly
checkRd: (-1) avar_mo_cpp.Rd:16: Lost braces in \itemize; \value handles \item{}{} directly
checkRd: (-1) avar_mo_cpp.Rd:17: Lost braces in \itemize; \value handles \item{}{} directly
checkRd: (-1) avar_to_cpp.Rd:15: Lost braces in \itemize; \value handles \item{}{} directly
checkRd: (-1) avar_to_cpp.Rd:16: Lost braces in \itemize; \value handles \item{}{} directly
checkRd: (-1) avar_to_cpp.Rd:17: Lost braces in \itemize; \value handles \item{}{} directly
Flavors: r-devel-linux-x86_64-debian-clang, r-devel-linux-x86_64-fedora-clang, r-devel-linux-x86_64-fedora-gcc, r-devel-windows-x86_64, r-patched-linux-x86_64, r-release-linux-x86_64, r-release-macos-arm64, r-release-windows-x86_64
These binaries (installable software) and packages are in development.
They may not be fully stable and should be used with caution. We make no claims about them.