Last updated on 2024-05-04 03:50:12 CEST.
Flavor | Version | Tinstall | Tcheck | Ttotal | Status | Flags |
---|---|---|---|---|---|---|
r-devel-linux-x86_64-debian-clang | 1.0.1 | 40.49 | 50.82 | 91.31 | OK | |
r-devel-linux-x86_64-fedora-clang | 1.0.1 | 122.81 | NOTE | |||
r-devel-linux-x86_64-fedora-gcc | 1.0.1 | 119.58 | OK | |||
r-devel-windows-x86_64 | 1.0.1 | 38.00 | 58.00 | 96.00 | NOTE | |
r-patched-linux-x86_64 | 1.0.1 | 40.64 | 48.13 | 88.77 | OK | |
r-release-linux-x86_64 | 1.0.1 | 36.77 | 49.18 | 85.95 | OK | |
r-release-macos-arm64 | 1.0.1 | 53.00 | NOTE | |||
r-release-windows-x86_64 | 1.0.1 | 42.00 | 57.00 | 99.00 | NOTE | |
r-oldrel-macos-arm64 | 1.0.1 | 55.00 | NOTE | |||
r-oldrel-macos-x86_64 | 1.0.1 | 78.00 | NOTE | |||
r-oldrel-windows-x86_64 | 1.0.1 | 50.00 | 60.00 | 110.00 | NOTE |
Version: 1.0.1
Check: installed package size
Result: NOTE
installed size is 5.4Mb
sub-directories of 1Mb or more:
data 5.3Mb
Flavors: r-devel-linux-x86_64-fedora-clang, r-devel-windows-x86_64, r-release-macos-arm64, r-release-windows-x86_64, r-oldrel-macos-arm64, r-oldrel-macos-x86_64, r-oldrel-windows-x86_64
These binaries (installable software) and packages are in development.
They may not be fully stable and should be used with caution. We make no claims about them.