Last updated on 2024-05-04 03:50:12 CEST.
Flavor | Version | Tinstall | Tcheck | Ttotal | Status | Flags |
---|---|---|---|---|---|---|
r-devel-linux-x86_64-debian-clang | 0.7.8 | 837.95 | 373.45 | 1211.40 | OK | |
r-devel-linux-x86_64-fedora-clang | 0.7.8 | 1445.75 | NOTE | |||
r-devel-linux-x86_64-fedora-gcc | 0.7.8 | 1090.20 | NOTE | |||
r-devel-windows-x86_64 | 0.7.8 | 613.00 | 352.00 | 965.00 | NOTE | |
r-patched-linux-x86_64 | 0.7.8 | 0.02 | 2.94 | 2.96 | ERROR | |
r-release-linux-x86_64 | 0.7.8 | 0.01 | 2.80 | 2.81 | ERROR | |
r-release-macos-arm64 | 0.7.8 | 358.00 | NOTE | |||
r-release-macos-x86_64 | 0.7.8 | 544.00 | NOTE | |||
r-release-windows-x86_64 | 0.7.8 | 642.00 | 346.00 | 988.00 | NOTE | |
r-oldrel-macos-arm64 | 0.7.8 | 346.00 | NOTE | |||
r-oldrel-macos-x86_64 | 0.7.8 | 482.00 | NOTE | |||
r-oldrel-windows-x86_64 | 0.7.8 | 823.00 | 446.00 | 1269.00 | NOTE |
Version: 0.7.8
Check: installed package size
Result: NOTE
installed size is 9.0Mb
sub-directories of 1Mb or more:
libs 7.2Mb
Flavors: r-devel-linux-x86_64-fedora-clang, r-devel-windows-x86_64, r-release-macos-arm64, r-release-macos-x86_64, r-release-windows-x86_64, r-oldrel-macos-arm64, r-oldrel-macos-x86_64, r-oldrel-windows-x86_64
Version: 0.7.8
Check: for GNU extensions in Makefiles
Result: NOTE
GNU make is a SystemRequirements.
Flavors: r-devel-linux-x86_64-fedora-clang, r-devel-linux-x86_64-fedora-gcc, r-release-macos-arm64, r-release-macos-x86_64, r-oldrel-macos-arm64, r-oldrel-macos-x86_64
Version: 0.7.8
Check: whether package can be installed
Result: ERROR
Installation failed.
Flavors: r-patched-linux-x86_64, r-release-linux-x86_64
These binaries (installable software) and packages are in development.
They may not be fully stable and should be used with caution. We make no claims about them.