Last updated on 2024-05-04 03:50:12 CEST.
Flavor | Version | Tinstall | Tcheck | Ttotal | Status | Flags |
---|---|---|---|---|---|---|
r-devel-linux-x86_64-debian-clang | 1.0-1 | 122.19 | 89.75 | 211.94 | OK | |
r-devel-linux-x86_64-fedora-clang | 1.0-1 | 374.21 | OK | |||
r-devel-linux-x86_64-fedora-gcc | 1.0-1 | 359.53 | OK | |||
r-devel-windows-x86_64 | 1.0-1 | 97.00 | 113.00 | 210.00 | OK | |
r-patched-linux-x86_64 | 1.0-1 | 130.26 | 151.79 | 282.05 | OK | |
r-release-linux-x86_64 | 1.0-1 | 126.35 | 151.91 | 278.26 | OK | |
r-release-macos-arm64 | 1.0-1 | 100.00 | NOTE | |||
r-release-windows-x86_64 | 1.0-1 | 93.00 | 112.00 | 205.00 | OK | |
r-oldrel-macos-arm64 | 1.0-1 | 106.00 | NOTE | |||
r-oldrel-macos-x86_64 | 1.0-1 | 169.00 | NOTE | |||
r-oldrel-windows-x86_64 | 1.0-1 | 119.00 | 125.00 | 244.00 | OK |
Version: 1.0-1
Check: installed package size
Result: NOTE
installed size is 5.2Mb
sub-directories of 1Mb or more:
libs 4.9Mb
Flavors: r-release-macos-arm64, r-oldrel-macos-arm64, r-oldrel-macos-x86_64
These binaries (installable software) and packages are in development.
They may not be fully stable and should be used with caution. We make no claims about them.