Last updated on 2025-10-23 17:50:42 CEST.
Flavor | Version | Tinstall | Tcheck | Ttotal | Status | Flags |
---|---|---|---|---|---|---|
r-devel-linux-x86_64-debian-clang | 1.0-2 | 79.55 | 163.32 | 242.87 | NOTE | |
r-devel-linux-x86_64-debian-gcc | 1.0-2 | 51.70 | 144.70 | 196.40 | OK | |
r-devel-linux-x86_64-fedora-clang | 1.0-2 | 142.00 | 192.67 | 334.67 | OK | |
r-devel-linux-x86_64-fedora-gcc | 1.0-2 | 176.00 | 134.47 | 310.47 | OK | |
r-devel-windows-x86_64 | 1.0-2 | 87.00 | 109.00 | 196.00 | OK | |
r-patched-linux-x86_64 | 1.0-2 | 76.98 | 122.56 | 199.54 | OK | |
r-release-linux-x86_64 | 1.0-2 | 80.28 | 122.01 | 202.29 | OK | |
r-release-macos-arm64 | 1.0-2 | 30.00 | 110.00 | 140.00 | OK | |
r-release-macos-x86_64 | 1.0-2 | 33.00 | 153.00 | 186.00 | OK | |
r-release-windows-x86_64 | 1.0-2 | 86.00 | 113.00 | 199.00 | OK | |
r-oldrel-macos-arm64 | 1.0-2 | 27.00 | 85.00 | 112.00 | NOTE | |
r-oldrel-macos-x86_64 | 1.0-2 | 33.00 | 144.00 | 177.00 | NOTE | |
r-oldrel-windows-x86_64 | 1.0-2 | 103.00 | 128.00 | 231.00 | OK |
Version: 1.0-2
Check: HTML version of manual
Result: NOTE
Found the following HTML validation problems:
KMedoids.html:147:1 (KMedoids.Rd:93): Warning: <h5> anchor "Usage" already defined
KMedoids.html:153:1 (KMedoids.Rd:97): Warning: <h5> anchor "Returns" already defined
KMedoids.html:170:1 (KMedoids.Rd:106): Warning: <h5> anchor "Usage" already defined
KMedoids.html:176:1 (KMedoids.Rd:110): Warning: <h5> anchor "Arguments" already defined
KMedoids.html:203:1 (KMedoids.Rd:127): Warning: <h5> anchor "Usage" already defined
KMedoids.html:209:1 (KMedoids.Rd:131): Warning: <h5> anchor "Returns" already defined
KMedoids.html:226:1 (KMedoids.Rd:140): Warning: <h5> anchor "Usage" already defined
KMedoids.html:232:1 (KMedoids.Rd:144): Warning: <h5> anchor "Returns" already defined
KMedoids.html:249:1 (KMedoids.Rd:153): Warning: <h5> anchor "Usage" already defined
KMedoids.html:255:1 (KMedoids.Rd:157): Warning: <h5> anchor "Arguments" already defined
KMedoids.html:282:1 (KMedoids.Rd:174): Warning: <h5> anchor "Usage" already defined
KMedoids.html:288:1 (KMedoids.Rd:178): Warning: <h5> anchor "Arguments" already defined
KMedoids.html:311:1 (KMedoids.Rd:191): Warning: <h5> anchor "Usage" already defined
KMedoids.html:317:1 (KMedoids.Rd:195): Warning: <h5> anchor "Arguments" already defined
Flavor: r-devel-linux-x86_64-debian-clang
Version: 1.0-2
Check: installed package size
Result: NOTE
installed size is 5.3Mb
sub-directories of 1Mb or more:
libs 5.0Mb
Flavors: r-oldrel-macos-arm64, r-oldrel-macos-x86_64
These binaries (installable software) and packages are in development.
They may not be fully stable and should be used with caution. We make no claims about them.