Last updated on 2025-10-23 17:50:42 CEST.
| Flavor | Version | Tinstall | Tcheck | Ttotal | Status | Flags |
|---|---|---|---|---|---|---|
| r-devel-linux-x86_64-debian-clang | 1.0 | 13.73 | 113.63 | 127.36 | OK | |
| r-devel-linux-x86_64-debian-gcc | 1.0 | 9.43 | 78.47 | 87.90 | OK | |
| r-devel-linux-x86_64-fedora-clang | 1.0 | 67.00 | 135.43 | 202.43 | NOTE | |
| r-devel-linux-x86_64-fedora-gcc | 1.0 | 25.00 | 170.74 | 195.74 | NOTE | |
| r-devel-windows-x86_64 | 1.0 | 15.00 | 109.00 | 124.00 | OK | |
| r-patched-linux-x86_64 | 1.0 | 11.92 | 103.39 | 115.31 | OK | |
| r-release-linux-x86_64 | 1.0 | 12.76 | 105.33 | 118.09 | OK | |
| r-release-macos-arm64 | 1.0 | 6.00 | 58.00 | 64.00 | OK | |
| r-release-macos-x86_64 | 1.0 | 13.00 | 94.00 | 107.00 | OK | |
| r-release-windows-x86_64 | 1.0 | 17.00 | 110.00 | 127.00 | OK | |
| r-oldrel-macos-arm64 | 1.0 | 5.00 | 51.00 | 56.00 | NOTE | |
| r-oldrel-macos-x86_64 | 1.0 | 8.00 | 80.00 | 88.00 | NOTE | |
| r-oldrel-windows-x86_64 | 1.0 | 19.00 | 137.00 | 156.00 | NOTE |
Version: 1.0
Check: dependencies in R code
Result: NOTE
Namespace in Imports field not imported from: ‘splines’
All declared Imports should be used.
Flavors: r-devel-linux-x86_64-fedora-clang, r-devel-linux-x86_64-fedora-gcc
Version: 1.0
Check: LazyData
Result: NOTE
'LazyData' is specified without a 'data' directory
Flavors: r-oldrel-macos-arm64, r-oldrel-macos-x86_64, r-oldrel-windows-x86_64
These binaries (installable software) and packages are in development.
They may not be fully stable and should be used with caution. We make no claims about them.