Last updated on 2025-10-25 11:48:27 CEST.
| Flavor | Version | Tinstall | Tcheck | Ttotal | Status | Flags |
|---|---|---|---|---|---|---|
| r-devel-linux-x86_64-debian-clang | 1.0.0 | 3.40 | 724.90 | 728.30 | NOTE | |
| r-devel-linux-x86_64-debian-gcc | 1.0.0 | 2.70 | 457.90 | 460.60 | NOTE | |
| r-devel-linux-x86_64-fedora-clang | 1.0.0 | 18.00 | 1232.24 | 1250.24 | OK | |
| r-devel-linux-x86_64-fedora-gcc | 1.0.0 | 1181.64 | OK | |||
| r-devel-windows-x86_64 | 1.0.0 | 6.00 | 853.00 | 859.00 | OK | |
| r-patched-linux-x86_64 | 1.0.0 | 4.90 | 703.11 | 708.01 | OK | |
| r-release-linux-x86_64 | 1.0.0 | 3.94 | 700.61 | 704.55 | OK | |
| r-release-macos-arm64 | 1.0.0 | 2.00 | 312.00 | 314.00 | OK | |
| r-release-macos-x86_64 | 1.0.0 | 4.00 | 780.00 | 784.00 | OK | |
| r-release-windows-x86_64 | 1.0.0 | 6.00 | 853.00 | 859.00 | OK | |
| r-oldrel-macos-arm64 | 1.0.0 | 2.00 | 261.00 | 263.00 | OK | |
| r-oldrel-macos-x86_64 | 1.0.0 | 3.00 | 477.00 | 480.00 | OK | |
| r-oldrel-windows-x86_64 | 1.0.0 | 9.00 | 1039.00 | 1048.00 | OK |
Version: 1.0.0
Check: DESCRIPTION meta-information
Result: NOTE
Author field differs from that derived from Authors@R
Author: ‘Lukas Baumann [aut, cre] (<https://orcid.org/0000-0001-7931-7470>), Lukas Sauer [ctb] (0000-0002-1340-9994)’
Authors@R: ‘Lukas Baumann [aut, cre] (ORCID: <https://orcid.org/0000-0001-7931-7470>), Lukas Sauer [ctb] (ORIC: 0000-0002-1340-9994)’
Flavors: r-devel-linux-x86_64-debian-clang, r-devel-linux-x86_64-debian-gcc
These binaries (installable software) and packages are in development.
They may not be fully stable and should be used with caution. We make no claims about them.