Last updated on 2024-05-04 03:50:13 CEST.
Flavor | Version | Tinstall | Tcheck | Ttotal | Status | Flags |
---|---|---|---|---|---|---|
r-devel-linux-x86_64-debian-clang | 0.1.3 | 212.20 | 30.92 | 243.12 | NOTE | |
r-devel-linux-x86_64-fedora-clang | 0.1.3 | 390.32 | NOTE | |||
r-devel-linux-x86_64-fedora-gcc | 0.1.3 | 382.49 | NOTE | |||
r-devel-windows-x86_64 | 0.1.3 | 170.00 | 68.00 | 238.00 | NOTE | |
r-patched-linux-x86_64 | 0.1.3 | 207.74 | 29.79 | 237.53 | NOTE | |
r-release-linux-x86_64 | 0.1.3 | 219.33 | 30.13 | 249.46 | NOTE | |
r-release-macos-arm64 | 0.1.3 | 62.00 | NOTE | |||
r-release-windows-x86_64 | 0.1.3 | 170.00 | 65.00 | 235.00 | NOTE | |
r-oldrel-macos-arm64 | 0.1.3 | 79.00 | NOTE | |||
r-oldrel-macos-x86_64 | 0.1.3 | 138.00 | NOTE | |||
r-oldrel-windows-x86_64 | 0.1.3 | 204.00 | 77.00 | 281.00 | NOTE |
Version: 0.1.3
Check: C++ specification
Result: NOTE
Specified C++11: please drop specification unless essential
Flavors: r-devel-linux-x86_64-debian-clang, r-devel-linux-x86_64-fedora-clang, r-devel-linux-x86_64-fedora-gcc, r-devel-windows-x86_64, r-patched-linux-x86_64, r-release-linux-x86_64, r-release-macos-arm64, r-release-windows-x86_64, r-oldrel-macos-arm64, r-oldrel-macos-x86_64, r-oldrel-windows-x86_64
Version: 0.1.3
Check: installed package size
Result: NOTE
installed size is 6.0Mb
sub-directories of 1Mb or more:
libs 5.9Mb
Flavors: r-release-macos-arm64, r-oldrel-macos-arm64, r-oldrel-macos-x86_64
These binaries (installable software) and packages are in development.
They may not be fully stable and should be used with caution. We make no claims about them.