Last updated on 2024-05-04 03:50:13 CEST.
Flavor | Version | Tinstall | Tcheck | Ttotal | Status | Flags |
---|---|---|---|---|---|---|
r-devel-linux-x86_64-debian-clang | 3.1-6 | 689.13 | 552.28 | 1241.41 | OK | |
r-devel-linux-x86_64-fedora-clang | 3.1-6 | 1768.52 | NOTE | |||
r-devel-linux-x86_64-fedora-gcc | 3.1-6 | 1651.21 | OK | |||
r-devel-windows-x86_64 | 3.1-6 | 521.00 | 415.00 | 936.00 | NOTE | |
r-patched-linux-x86_64 | 3.1-6 | 685.88 | 460.15 | 1146.03 | OK | |
r-release-linux-x86_64 | 3.1-6 | 674.95 | 446.58 | 1121.53 | OK | |
r-release-macos-arm64 | 3.1-6 | 314.00 | NOTE | |||
r-release-windows-x86_64 | 3.1-6 | 502.00 | 412.00 | 914.00 | NOTE | |
r-oldrel-macos-arm64 | 3.1-6 | 338.00 | NOTE | |||
r-oldrel-macos-x86_64 | 3.1-6 | 594.00 | NOTE | |||
r-oldrel-windows-x86_64 | 3.1-6 | 619.00 | 506.00 | 1125.00 | NOTE |
Version: 3.1-6
Check: installed package size
Result: NOTE
installed size is 5.9Mb
sub-directories of 1Mb or more:
doc 2.9Mb
libs 1.4Mb
Flavors: r-devel-linux-x86_64-fedora-clang, r-devel-windows-x86_64, r-release-macos-arm64, r-release-windows-x86_64, r-oldrel-macos-arm64, r-oldrel-macos-x86_64, r-oldrel-windows-x86_64
These binaries (installable software) and packages are in development.
They may not be fully stable and should be used with caution. We make no claims about them.