Last updated on 2025-10-23 11:50:07 CEST.
Flavor | Version | Tinstall | Tcheck | Ttotal | Status | Flags |
---|---|---|---|---|---|---|
r-devel-linux-x86_64-debian-clang | 0.17.0 | 15.04 | 436.56 | 451.60 | NOTE | |
r-devel-linux-x86_64-debian-gcc | 0.17.0 | 9.50 | 370.82 | 380.32 | OK | |
r-devel-linux-x86_64-fedora-clang | 0.17.0 | 59.00 | 598.60 | 657.60 | OK | |
r-devel-linux-x86_64-fedora-gcc | 0.17.0 | 57.00 | 764.28 | 821.28 | OK | |
r-devel-windows-x86_64 | 0.17.0 | 15.00 | 641.00 | 656.00 | OK | |
r-patched-linux-x86_64 | 0.17.0 | 15.75 | 493.50 | 509.25 | OK | |
r-release-linux-x86_64 | 0.17.0 | 13.93 | 486.63 | 500.56 | OK | |
r-release-macos-arm64 | 0.17.0 | 5.00 | 153.00 | 158.00 | OK | |
r-release-macos-x86_64 | 0.17.0 | 13.00 | 377.00 | 390.00 | OK | |
r-release-windows-x86_64 | 0.17.0 | 15.00 | 674.00 | 689.00 | OK | |
r-oldrel-macos-arm64 | 0.17.0 | 6.00 | 160.00 | 166.00 | OK | |
r-oldrel-macos-x86_64 | 0.17.0 | 16.00 | 239.00 | 255.00 | OK | |
r-oldrel-windows-x86_64 | 0.17.0 | 23.00 | 516.00 | 539.00 | ERROR |
Version: 0.17.0
Check: HTML version of manual
Result: NOTE
Found the following HTML validation problems:
as.data.frame.density.html:51:1 (as.data.frame.density.Rd:12): Warning: missing </ul> before </div>
as.numeric.p_direction.html:60:1 (as.numeric.p_direction.Rd:22): Warning: missing </ul> before </div>
Flavor: r-devel-linux-x86_64-debian-clang
Version: 0.17.0
Check: tests
Result: ERROR
Running 'testthat.R' [20s]
Running the tests in 'tests/testthat.R' failed.
Complete output:
> library(testthat)
> library(bayestestR)
>
> test_check("bayestestR")
Starting 2 test processes
Error in rs__parse_header(out) :
Internal callr error, invalid message header
Calls: test_check ... <Anonymous> -> rs__read_message -> rs__parse_header
Execution halted
Flavor: r-oldrel-windows-x86_64
These binaries (installable software) and packages are in development.
They may not be fully stable and should be used with caution. We make no claims about them.