Last updated on 2024-05-04 03:50:13 CEST.
Flavor | Version | Tinstall | Tcheck | Ttotal | Status | Flags |
---|---|---|---|---|---|---|
r-devel-linux-x86_64-debian-clang | 1.3.2 | 23.49 | 83.17 | 106.66 | NOTE | |
r-devel-linux-x86_64-fedora-clang | 1.3.2 | 139.93 | NOTE | |||
r-devel-linux-x86_64-fedora-gcc | 1.3.2 | 147.60 | NOTE | |||
r-devel-windows-x86_64 | 1.3.2 | 21.00 | 112.00 | 133.00 | NOTE | |
r-patched-linux-x86_64 | 1.3.2 | 21.03 | 78.70 | 99.73 | NOTE | |
r-release-linux-x86_64 | 1.3.2 | 17.61 | 78.79 | 96.40 | NOTE | |
r-release-macos-arm64 | 1.3.2 | 42.00 | NOTE | |||
r-release-windows-x86_64 | 1.3.2 | 19.00 | 111.00 | 130.00 | NOTE | |
r-oldrel-macos-arm64 | 1.3.2 | 45.00 | OK | |||
r-oldrel-macos-x86_64 | 1.3.2 | 76.00 | OK | |||
r-oldrel-windows-x86_64 | 1.3.2 | 23.00 | 125.00 | 148.00 | OK |
Version: 1.3.2
Check: Rd files
Result: NOTE
checkRd: (-1) WindowSweep.Rd:32: Lost braces
32 | `code{\link{GetVT}}`. Otherwise, any column (e.g. \code{"Depth"}) in the
| ^
checkRd: (-1) WindowSweep.Rd:36: Lost braces
36 | \code{T.mid} from the output of the `code{\link{GetVT}}`.}
| ^
Flavors: r-devel-linux-x86_64-debian-clang, r-devel-linux-x86_64-fedora-clang, r-devel-linux-x86_64-fedora-gcc, r-devel-windows-x86_64, r-patched-linux-x86_64, r-release-linux-x86_64, r-release-macos-arm64, r-release-windows-x86_64
These binaries (installable software) and packages are in development.
They may not be fully stable and should be used with caution. We make no claims about them.