Last updated on 2025-10-23 17:50:42 CEST.
| Flavor | Version | Tinstall | Tcheck | Ttotal | Status | Flags |
|---|---|---|---|---|---|---|
| r-devel-linux-x86_64-debian-clang | 0.1.6.1 | 198.93 | 67.41 | 266.34 | NOTE | |
| r-devel-linux-x86_64-debian-gcc | 0.1.6.1 | 121.75 | 50.45 | 172.20 | OK | |
| r-devel-linux-x86_64-fedora-clang | 0.1.6.1 | 118.00 | 426.47 | 544.47 | OK | |
| r-devel-linux-x86_64-fedora-gcc | 0.1.6.1 | 290.00 | 182.47 | 472.47 | OK | |
| r-devel-windows-x86_64 | 0.1.6.1 | 246.00 | 102.00 | 348.00 | OK | |
| r-patched-linux-x86_64 | 0.1.6.1 | 196.50 | 63.72 | 260.22 | OK | |
| r-release-linux-x86_64 | 0.1.6.1 | 197.87 | 62.89 | 260.76 | OK | |
| r-release-macos-arm64 | 0.1.6.1 | 55.00 | 41.00 | 96.00 | OK | |
| r-release-macos-x86_64 | 0.1.6.1 | 70.00 | 141.00 | 211.00 | OK | |
| r-release-windows-x86_64 | 0.1.6.1 | 232.00 | 116.00 | 348.00 | OK | |
| r-oldrel-macos-arm64 | 0.1.6.1 | 52.00 | 48.00 | 100.00 | NOTE | |
| r-oldrel-macos-x86_64 | 0.1.6.1 | 54.00 | 89.00 | 143.00 | NOTE | |
| r-oldrel-windows-x86_64 | 0.1.6.1 | 281.00 | 127.00 | 408.00 | OK |
Version: 0.1.6.1
Check: HTML version of manual
Result: NOTE
Found the following HTML validation problems:
print.bgmCompare.html:51:1 (print.bgmCompare.Rd:12): Warning: missing </ul> before </div>
print.bgms.html:51:1 (print.bgms.Rd:12): Warning: missing </ul> before </div>
Flavor: r-devel-linux-x86_64-debian-clang
Version: 0.1.6.1
Check: installed package size
Result: NOTE
installed size is 13.2Mb
sub-directories of 1Mb or more:
extdata 2.1Mb
libs 9.7Mb
Flavors: r-oldrel-macos-arm64, r-oldrel-macos-x86_64
These binaries (installable software) and packages are in development.
They may not be fully stable and should be used with caution. We make no claims about them.