Last updated on 2024-05-04 03:50:13 CEST.
Flavor | Version | Tinstall | Tcheck | Ttotal | Status | Flags |
---|---|---|---|---|---|---|
r-devel-linux-x86_64-debian-clang | 1.1.1 | 5.73 | 59.11 | 64.84 | NOTE | |
r-devel-linux-x86_64-fedora-clang | 1.1.1 | 81.62 | NOTE | |||
r-devel-linux-x86_64-fedora-gcc | 1.1.1 | 89.18 | NOTE | |||
r-devel-windows-x86_64 | 1.1.1 | 6.00 | 62.00 | 68.00 | NOTE | |
r-patched-linux-x86_64 | 1.1.1 | 4.77 | 54.97 | 59.74 | NOTE | |
r-release-linux-x86_64 | 1.1.1 | 5.94 | 54.33 | 60.27 | NOTE | |
r-release-macos-arm64 | 1.1.1 | 37.00 | NOTE | |||
r-release-windows-x86_64 | 1.1.1 | 7.00 | 60.00 | 67.00 | NOTE | |
r-oldrel-macos-arm64 | 1.1.1 | 40.00 | NOTE | |||
r-oldrel-macos-x86_64 | 1.1.1 | 56.00 | NOTE | |||
r-oldrel-windows-x86_64 | 1.1.1 | 8.00 | 68.00 | 76.00 | NOTE |
Version: 1.1.1
Check: LazyData
Result: NOTE
'LazyData' is specified without a 'data' directory
Flavors: r-devel-linux-x86_64-debian-clang, r-devel-linux-x86_64-fedora-clang, r-devel-linux-x86_64-fedora-gcc, r-devel-windows-x86_64, r-patched-linux-x86_64, r-release-linux-x86_64, r-release-macos-arm64, r-release-windows-x86_64, r-oldrel-macos-arm64, r-oldrel-macos-x86_64, r-oldrel-windows-x86_64
These binaries (installable software) and packages are in development.
They may not be fully stable and should be used with caution. We make no claims about them.