Last updated on 2024-05-04 03:50:13 CEST.
Flavor | Version | Tinstall | Tcheck | Ttotal | Status | Flags |
---|---|---|---|---|---|---|
r-devel-linux-x86_64-debian-clang | 4.6.4 | 93.18 | 51.67 | 144.85 | OK | |
r-devel-linux-x86_64-fedora-clang | 4.6.4 | 189.55 | OK | |||
r-devel-linux-x86_64-fedora-gcc | 4.6.4 | 212.22 | OK | |||
r-devel-windows-x86_64 | 4.6.4 | 89.00 | 88.00 | 177.00 | OK | |
r-patched-linux-x86_64 | 4.6.4 | 87.64 | 49.14 | 136.78 | OK | |
r-release-linux-x86_64 | 4.6.4 | 96.34 | 49.00 | 145.34 | OK | |
r-release-macos-arm64 | 4.6.4 | 47.00 | NOTE | |||
r-release-windows-x86_64 | 4.6.4 | 90.00 | 88.00 | 178.00 | OK | |
r-oldrel-macos-arm64 | 4.6.4 | 47.00 | NOTE | |||
r-oldrel-macos-x86_64 | 4.6.4 | 91.00 | NOTE | |||
r-oldrel-windows-x86_64 | 4.6.4 | 89.00 | 97.00 | 186.00 | OK |
Version: 4.6.4
Check: installed package size
Result: NOTE
installed size is 7.3Mb
sub-directories of 1Mb or more:
libs 6.8Mb
Flavors: r-release-macos-arm64, r-oldrel-macos-arm64, r-oldrel-macos-x86_64
These binaries (installable software) and packages are in development.
They may not be fully stable and should be used with caution. We make no claims about them.