Last updated on 2024-05-04 03:50:13 CEST.
Flavor | Version | Tinstall | Tcheck | Ttotal | Status | Flags |
---|---|---|---|---|---|---|
r-devel-linux-x86_64-debian-clang | 0.3.2 | 92.21 | 63.03 | 155.24 | NOTE | |
r-devel-linux-x86_64-fedora-clang | 0.3.2 | 206.94 | NOTE | |||
r-devel-linux-x86_64-fedora-gcc | 0.3.2 | 251.66 | NOTE | |||
r-devel-windows-x86_64 | 0.3.2 | 85.00 | 92.00 | 177.00 | NOTE | |
r-patched-linux-x86_64 | 0.3.2 | 110.09 | 59.84 | 169.93 | OK | |
r-release-linux-x86_64 | 0.3.2 | 94.63 | 58.95 | 153.58 | OK | |
r-release-macos-arm64 | 0.3.2 | 60.00 | NOTE | |||
r-release-windows-x86_64 | 0.3.2 | 83.00 | 90.00 | 173.00 | OK | |
r-oldrel-macos-arm64 | 0.3.2 | 83.00 | NOTE | |||
r-oldrel-macos-x86_64 | 0.3.2 | 145.00 | NOTE | |||
r-oldrel-windows-x86_64 | 0.3.2 | 101.00 | 104.00 | 205.00 | OK |
Version: 0.3.2
Check: compiled code
Result: NOTE
File ‘bignum/libs/bignum.so’:
Found non-API calls to R: ‘SETLENGTH’, ‘SET_TRUELENGTH’
Compiled code should not call non-API entry points in R.
See ‘Writing portable packages’ in the ‘Writing R Extensions’ manual.
Flavors: r-devel-linux-x86_64-debian-clang, r-devel-linux-x86_64-fedora-clang, r-devel-linux-x86_64-fedora-gcc
Version: 0.3.2
Check: compiled code
Result: NOTE
File 'bignum/libs/x64/bignum.dll':
Found non-API calls to R: 'SETLENGTH', 'SET_TRUELENGTH'
Compiled code should not call non-API entry points in R.
See 'Writing portable packages' in the 'Writing R Extensions' manual.
Flavor: r-devel-windows-x86_64
Version: 0.3.2
Check: installed package size
Result: NOTE
installed size is 9.0Mb
sub-directories of 1Mb or more:
libs 8.7Mb
Flavors: r-release-macos-arm64, r-oldrel-macos-arm64, r-oldrel-macos-x86_64
These binaries (installable software) and packages are in development.
They may not be fully stable and should be used with caution. We make no claims about them.