Last updated on 2024-05-04 03:50:13 CEST.
Flavor | Version | Tinstall | Tcheck | Ttotal | Status | Flags |
---|---|---|---|---|---|---|
r-devel-linux-x86_64-debian-clang | 0.1.0 | 4.41 | 22.68 | 27.09 | OK | |
r-devel-linux-x86_64-fedora-clang | 0.1.0 | 34.69 | NOTE | |||
r-devel-linux-x86_64-fedora-gcc | 0.1.0 | 32.45 | NOTE | |||
r-devel-windows-x86_64 | 0.1.0 | 5.00 | 40.00 | 45.00 | OK | |
r-patched-linux-x86_64 | 0.1.0 | 4.12 | 22.26 | 26.38 | OK | |
r-release-linux-x86_64 | 0.1.0 | 3.02 | 22.22 | 25.24 | OK | |
r-release-macos-arm64 | 0.1.0 | 17.00 | OK | |||
r-release-windows-x86_64 | 0.1.0 | 5.00 | 39.00 | 44.00 | OK | |
r-oldrel-macos-arm64 | 0.1.0 | 20.00 | OK | |||
r-oldrel-macos-x86_64 | 0.1.0 | 23.00 | OK | |||
r-oldrel-windows-x86_64 | 0.1.0 | 6.00 | 41.00 | 47.00 | OK |
Version: 0.1.0
Check: dependencies in R code
Result: NOTE
Namespace in Imports field not imported from: ‘tibble’
All declared Imports should be used.
Flavors: r-devel-linux-x86_64-fedora-clang, r-devel-linux-x86_64-fedora-gcc
Version: 0.1.0
Check: data for non-ASCII characters
Result: NOTE
Note: found 660 marked UTF-8 strings
Flavors: r-devel-linux-x86_64-fedora-clang, r-devel-linux-x86_64-fedora-gcc
These binaries (installable software) and packages are in development.
They may not be fully stable and should be used with caution. We make no claims about them.