Last updated on 2024-07-03 21:51:30 CEST.
Flavor | Version | Tinstall | Tcheck | Ttotal | Status | Flags |
---|---|---|---|---|---|---|
r-devel-linux-x86_64-debian-clang | 0.6.1 | 215.63 | 196.73 | 412.36 | NOTE | |
r-devel-linux-x86_64-debian-gcc | 0.6.1 | 163.90 | 169.29 | 333.19 | NOTE | |
r-devel-linux-x86_64-fedora-clang | 0.6.1 | 517.21 | NOTE | |||
r-devel-linux-x86_64-fedora-gcc | 0.6.1 | 608.60 | NOTE | |||
r-devel-windows-x86_64 | 0.6.1 | 172.00 | 207.00 | 379.00 | NOTE | |
r-patched-linux-x86_64 | 0.6.1 | 192.89 | 202.68 | 395.57 | NOTE | |
r-release-linux-x86_64 | 0.6.1 | 199.99 | 195.04 | 395.03 | NOTE | |
r-release-macos-arm64 | 0.6.1 | 149.00 | NOTE | |||
r-release-macos-x86_64 | 0.6.1 | 347.00 | NOTE | |||
r-release-windows-x86_64 | 0.6.1 | 172.00 | 204.00 | 376.00 | NOTE | |
r-oldrel-macos-arm64 | 0.6.1 | 186.00 | NOTE | |||
r-oldrel-macos-x86_64 | 0.6.1 | 343.00 | NOTE | |||
r-oldrel-windows-x86_64 | 0.6.1 | 212.00 | 270.00 | 482.00 | NOTE |
Version: 0.6.1
Check: for GNU extensions in Makefiles
Result: NOTE
GNU make is a SystemRequirements.
Flavors: r-devel-linux-x86_64-debian-clang, r-devel-linux-x86_64-debian-gcc, r-devel-linux-x86_64-fedora-clang, r-devel-linux-x86_64-fedora-gcc, r-devel-windows-x86_64, r-patched-linux-x86_64, r-release-linux-x86_64, r-release-macos-arm64, r-release-macos-x86_64, r-release-windows-x86_64, r-oldrel-macos-arm64, r-oldrel-macos-x86_64, r-oldrel-windows-x86_64
Version: 0.6.1
Check: installed package size
Result: NOTE
installed size is 48.3Mb
sub-directories of 1Mb or more:
extdata 1.5Mb
libs 46.0Mb
Flavors: r-release-macos-arm64, r-release-macos-x86_64, r-oldrel-macos-arm64, r-oldrel-macos-x86_64
These binaries (installable software) and packages are in development.
They may not be fully stable and should be used with caution. We make no claims about them.