Last updated on 2024-05-04 03:50:14 CEST.
Flavor | Version | Tinstall | Tcheck | Ttotal | Status | Flags |
---|---|---|---|---|---|---|
r-devel-linux-x86_64-debian-clang | 1.0.0 | 4.26 | 49.07 | 53.33 | OK | |
r-devel-linux-x86_64-fedora-clang | 1.0.0 | 65.42 | NOTE | |||
r-devel-linux-x86_64-fedora-gcc | 1.0.0 | 77.02 | NOTE | |||
r-devel-windows-x86_64 | 1.0.0 | 5.00 | 68.00 | 73.00 | OK | |
r-patched-linux-x86_64 | 1.0.0 | 6.76 | 47.60 | 54.36 | OK | |
r-release-linux-x86_64 | 1.0.0 | 3.54 | 46.58 | 50.12 | OK | |
r-release-macos-arm64 | 1.0.0 | 35.00 | OK | |||
r-release-windows-x86_64 | 1.0.0 | 5.00 | 60.00 | 65.00 | OK | |
r-oldrel-macos-arm64 | 1.0.0 | 36.00 | OK | |||
r-oldrel-macos-x86_64 | 1.0.0 | 49.00 | OK | |||
r-oldrel-windows-x86_64 | 1.0.0 | 6.00 | 105.00 | 111.00 | OK |
Version: 1.0.0
Check: dependencies in R code
Result: NOTE
Namespaces in Imports field not imported from:
‘stats’ ‘utils’
All declared Imports should be used.
Flavors: r-devel-linux-x86_64-fedora-clang, r-devel-linux-x86_64-fedora-gcc
These binaries (installable software) and packages are in development.
They may not be fully stable and should be used with caution. We make no claims about them.