Last updated on 2024-05-04 03:50:14 CEST.
Flavor | Version | Tinstall | Tcheck | Ttotal | Status | Flags |
---|---|---|---|---|---|---|
r-devel-linux-x86_64-debian-clang | 4.5.5 | 493.87 | 63.86 | 557.73 | NOTE | |
r-devel-linux-x86_64-fedora-clang | 4.5.5 | 805.45 | NOTE | |||
r-devel-linux-x86_64-fedora-gcc | 4.5.5 | 919.00 | NOTE | |||
r-devel-windows-x86_64 | 4.5.5 | 379.00 | 144.00 | 523.00 | NOTE | |
r-patched-linux-x86_64 | 4.5.5 | 498.97 | 63.18 | 562.15 | NOTE | |
r-release-linux-x86_64 | 4.5.5 | 516.76 | 63.31 | 580.07 | NOTE | |
r-release-macos-arm64 | 4.5.5 | 161.00 | NOTE | |||
r-release-macos-x86_64 | 4.5.5 | 183.00 | NOTE | |||
r-release-windows-x86_64 | 4.5.5 | 365.00 | 128.00 | 493.00 | NOTE | |
r-oldrel-macos-arm64 | 4.5.5 | 168.00 | NOTE | |||
r-oldrel-macos-x86_64 | 4.5.5 | 177.00 | NOTE | |||
r-oldrel-windows-x86_64 | 4.5.5 | 456.00 | 137.00 | 593.00 | NOTE |
Version: 4.5.5
Check: for GNU extensions in Makefiles
Result: NOTE
GNU make is a SystemRequirements.
Flavors: r-devel-linux-x86_64-debian-clang, r-devel-linux-x86_64-fedora-clang, r-devel-linux-x86_64-fedora-gcc, r-devel-windows-x86_64, r-patched-linux-x86_64, r-release-linux-x86_64, r-release-macos-arm64, r-release-macos-x86_64, r-release-windows-x86_64, r-oldrel-macos-arm64, r-oldrel-macos-x86_64, r-oldrel-windows-x86_64
Version: 4.5.5
Check: installed package size
Result: NOTE
installed size is 33.9Mb
sub-directories of 1Mb or more:
libs 32.6Mb
Flavors: r-release-macos-arm64, r-release-macos-x86_64, r-oldrel-macos-arm64, r-oldrel-macos-x86_64
These binaries (installable software) and packages are in development.
They may not be fully stable and should be used with caution. We make no claims about them.