Last updated on 2024-07-01 21:53:32 CEST.
Flavor | Version | Tinstall | Tcheck | Ttotal | Status | Flags |
---|---|---|---|---|---|---|
r-devel-linux-x86_64-debian-clang | 1.0.1 | 38.47 | 287.25 | 325.72 | NOTE | |
r-devel-linux-x86_64-debian-gcc | 1.0.1 | 31.30 | 210.83 | 242.13 | NOTE | |
r-devel-linux-x86_64-fedora-clang | 1.0.1 | 413.22 | NOTE | |||
r-devel-linux-x86_64-fedora-gcc | 1.0.1 | 379.76 | NOTE | |||
r-devel-windows-x86_64 | 1.0.1 | 25.00 | 207.00 | 232.00 | NOTE | |
r-patched-linux-x86_64 | 1.0.1 | 36.20 | 278.33 | 314.53 | NOTE | |
r-release-linux-x86_64 | 1.0.1 | 25.99 | 270.45 | 296.44 | NOTE | |
r-release-macos-arm64 | 1.0.1 | 93.00 | NOTE | |||
r-release-macos-x86_64 | 1.0.1 | 186.00 | NOTE | |||
r-release-windows-x86_64 | 1.0.1 | 25.00 | 208.00 | 233.00 | NOTE | |
r-oldrel-macos-arm64 | 1.0.1 | 109.00 | NOTE | |||
r-oldrel-macos-x86_64 | 1.0.1 | 223.00 | NOTE | |||
r-oldrel-windows-x86_64 | 1.0.1 | 31.00 | 266.00 | 297.00 | NOTE |
Version: 1.0.1
Check: package dependencies
Result: NOTE
Package suggested but not available for checking: ‘cmdstanr’
Flavors: r-devel-linux-x86_64-debian-clang, r-devel-linux-x86_64-debian-gcc, r-devel-linux-x86_64-fedora-clang, r-devel-linux-x86_64-fedora-gcc, r-devel-windows-x86_64, r-patched-linux-x86_64, r-release-linux-x86_64, r-release-macos-arm64, r-release-macos-x86_64, r-release-windows-x86_64, r-oldrel-macos-arm64, r-oldrel-macos-x86_64, r-oldrel-windows-x86_64
These binaries (installable software) and packages are in development.
They may not be fully stable and should be used with caution. We make no claims about them.