Last updated on 2024-05-04 03:50:14 CEST.
Flavor | Version | Tinstall | Tcheck | Ttotal | Status | Flags |
---|---|---|---|---|---|---|
r-devel-linux-x86_64-debian-clang | 1.2.1.0 | 28.75 | 151.00 | 179.75 | NOTE | |
r-devel-linux-x86_64-fedora-clang | 1.2.1.0 | 232.32 | NOTE | |||
r-devel-linux-x86_64-fedora-gcc | 1.2.1.0 | 220.35 | NOTE | |||
r-devel-windows-x86_64 | 1.2.1.0 | 16.00 | 110.00 | 126.00 | NOTE | |
r-patched-linux-x86_64 | 1.2.1.0 | 18.53 | 142.50 | 161.03 | NOTE | |
r-release-linux-x86_64 | 1.2.1.0 | 19.62 | 147.08 | 166.70 | NOTE | |
r-release-macos-arm64 | 1.2.1.0 | 66.00 | NOTE | |||
r-release-windows-x86_64 | 1.2.1.0 | 16.00 | 111.00 | 127.00 | NOTE | |
r-oldrel-macos-arm64 | 1.2.1.0 | 51.00 | OK | |||
r-oldrel-macos-x86_64 | 1.2.1.0 | 85.00 | OK | |||
r-oldrel-windows-x86_64 | 1.2.1.0 | 21.00 | 134.00 | 155.00 | OK |
Version: 1.2.1.0
Check: Rd files
Result: NOTE
checkRd: (-1) BMSC_pareto_k_table.Rd:54-56: Lost braces in \itemize; \value handles \item{}{} directly
checkRd: (-1) BMSC_pareto_k_table.Rd:57-59: Lost braces in \itemize; \value handles \item{}{} directly
checkRd: (-1) BMSC_pareto_k_table.Rd:60-63: Lost braces in \itemize; \value handles \item{}{} directly
checkRd: (-1) BMSC_pareto_k_table.Rd:64-66: Lost braces in \itemize; \value handles \item{}{} directly
checkRd: (-1) BMSC_pareto_k_table.Rd:67-71: Lost braces in \itemize; \value handles \item{}{} directly
checkRd: (-1) BMSC_pareto_k_table.Rd:72-74: Lost braces in \itemize; \value handles \item{}{} directly
Flavors: r-devel-linux-x86_64-debian-clang, r-devel-linux-x86_64-fedora-clang, r-devel-linux-x86_64-fedora-gcc, r-devel-windows-x86_64, r-patched-linux-x86_64, r-release-linux-x86_64, r-release-macos-arm64, r-release-windows-x86_64
These binaries (installable software) and packages are in development.
They may not be fully stable and should be used with caution. We make no claims about them.