Last updated on 2024-05-04 03:50:14 CEST.
Flavor | Version | Tinstall | Tcheck | Ttotal | Status | Flags |
---|---|---|---|---|---|---|
r-devel-linux-x86_64-debian-clang | 1.1 | 11.87 | 100.17 | 112.04 | OK | |
r-devel-linux-x86_64-fedora-clang | 1.1 | 139.58 | NOTE | |||
r-devel-linux-x86_64-fedora-gcc | 1.1 | 143.30 | NOTE | |||
r-devel-windows-x86_64 | 1.1 | 10.00 | 85.00 | 95.00 | OK | |
r-patched-linux-x86_64 | 1.1 | 9.39 | 92.27 | 101.66 | OK | |
r-release-linux-x86_64 | 1.1 | 9.47 | 95.36 | 104.83 | OK | |
r-release-macos-arm64 | 1.1 | 54.00 | OK | |||
r-release-windows-x86_64 | 1.1 | 11.00 | 84.00 | 95.00 | OK | |
r-oldrel-macos-arm64 | 1.1 | 48.00 | OK | |||
r-oldrel-macos-x86_64 | 1.1 | 72.00 | OK | |||
r-oldrel-windows-x86_64 | 1.1 | 13.00 | 105.00 | 118.00 | OK |
Version: 1.1
Check: dependencies in R code
Result: NOTE
Namespace in Imports field not imported from: ‘dplyr’
All declared Imports should be used.
Flavors: r-devel-linux-x86_64-fedora-clang, r-devel-linux-x86_64-fedora-gcc
These binaries (installable software) and packages are in development.
They may not be fully stable and should be used with caution. We make no claims about them.