Last updated on 2025-10-23 21:51:22 CEST.
Flavor | Version | Tinstall | Tcheck | Ttotal | Status | Flags |
---|---|---|---|---|---|---|
r-devel-linux-x86_64-debian-clang | 0.1.5 | 17.66 | 73.33 | 90.99 | NOTE | |
r-devel-linux-x86_64-debian-gcc | 0.1.5 | 10.38 | 53.41 | 63.79 | NOTE | |
r-devel-linux-x86_64-fedora-clang | 0.1.5 | 87.00 | 65.71 | 152.71 | OK | |
r-devel-linux-x86_64-fedora-gcc | 0.1.5 | 97.00 | 40.89 | 137.89 | OK | |
r-devel-windows-x86_64 | 0.1.5 | 22.00 | 91.00 | 113.00 | OK | |
r-patched-linux-x86_64 | 0.1.5 | 16.54 | 67.05 | 83.59 | OK | |
r-release-linux-x86_64 | 0.1.5 | 17.03 | 67.20 | 84.23 | OK | |
r-release-macos-arm64 | 0.1.5 | 9.00 | 34.00 | 43.00 | OK | |
r-release-macos-x86_64 | 0.1.5 | 14.00 | 63.00 | 77.00 | OK | |
r-release-windows-x86_64 | 0.1.5 | 22.00 | 92.00 | 114.00 | OK | |
r-oldrel-macos-arm64 | 0.1.5 | 9.00 | 34.00 | 43.00 | OK | |
r-oldrel-macos-x86_64 | 0.1.5 | 13.00 | 46.00 | 59.00 | OK | |
r-oldrel-windows-x86_64 | 0.1.5 | 27.00 | 126.00 | 153.00 | OK |
Version: 0.1.5
Check: CRAN incoming feasibility
Result: NOTE
Maintainer: ‘Marvin N. Wright <marv@wrig.de>’
No Authors@R field in DESCRIPTION.
Please add one, modifying
Authors@R: person(given = c("Marvin", "N."),
family = "Wright",
role = c("aut", "cre"),
email = "marv@wrig.de")
as necessary.
Flavors: r-devel-linux-x86_64-debian-clang, r-devel-linux-x86_64-debian-gcc
Version: 0.1.5
Check: HTML version of manual
Result: NOTE
Found the following HTML validation problems:
predict-bnnSurvivalBaseLearner-method.html:72:1 (predict-bnnSurvivalBaseLearner-method.Rd:24): Warning: missing </ul> before </div>
predict-bnnSurvivalEnsemble-method.html:51:1 (predict-bnnSurvivalEnsemble-method.Rd:13): Warning: missing </ul> before </div>
predictions-bnnSurvivalResult-method.html:47:1 (predictions-bnnSurvivalResult-method.Rd:11): Warning: missing </ul> before </div>
predictions.html:50:1 (predictions.Rd:12): Warning: missing </ul> before </div>
print-bnnSurvivalEnsemble-method.html:47:1 (print-bnnSurvivalEnsemble-method.Rd:11): Warning: missing </ul> before </div>
print-bnnSurvivalResult-method.html:47:1 (print-bnnSurvivalResult-method.Rd:11): Warning: missing </ul> before </div>
show-bnnSurvivalEnsemble-method.html:47:1 (show-bnnSurvivalEnsemble-method.Rd:11): Warning: missing </ul> before </div>
show-bnnSurvivalResult-method.html:47:1 (show-bnnSurvivalResult-method.Rd:11): Warning: missing </ul> before </div>
timepoints-bnnSurvivalResult-method.html:47:1 (timepoints-bnnSurvivalResult-method.Rd:11): Warning: missing </ul> before </div>
timepoints.html:50:1 (timepoints.Rd:12): Warning: missing </ul> before </div>
Flavor: r-devel-linux-x86_64-debian-clang
These binaries (installable software) and packages are in development.
They may not be fully stable and should be used with caution. We make no claims about them.