Last updated on 2025-10-23 21:51:22 CEST.
| Flavor | Version | Tinstall | Tcheck | Ttotal | Status | Flags |
|---|---|---|---|---|---|---|
| r-devel-linux-x86_64-debian-clang | 1.4.2 | 12.30 | 117.29 | 129.59 | NOTE | |
| r-devel-linux-x86_64-debian-gcc | 1.4.2 | 8.31 | 82.19 | 90.50 | NOTE | |
| r-devel-linux-x86_64-fedora-clang | 1.4.2 | 50.00 | 152.52 | 202.52 | OK | |
| r-devel-linux-x86_64-fedora-gcc | 1.4.2 | 26.00 | 179.57 | 205.57 | OK | |
| r-devel-windows-x86_64 | 1.4.2 | 13.00 | 124.00 | 137.00 | OK | |
| r-patched-linux-x86_64 | 1.4.2 | 12.82 | 110.80 | 123.62 | OK | |
| r-release-linux-x86_64 | 1.4.2 | 12.16 | 109.62 | 121.78 | OK | |
| r-release-macos-arm64 | 1.4.2 | 8.00 | 86.00 | 94.00 | OK | |
| r-release-macos-x86_64 | 1.4.2 | 11.00 | 140.00 | 151.00 | OK | |
| r-release-windows-x86_64 | 1.4.2 | 13.00 | 127.00 | 140.00 | OK | |
| r-oldrel-macos-arm64 | 1.4.2 | 6.00 | 54.00 | 60.00 | OK | |
| r-oldrel-macos-x86_64 | 1.4.2 | 8.00 | 75.00 | 83.00 | OK | |
| r-oldrel-windows-x86_64 | 1.4.2 | 19.00 | 160.00 | 179.00 | OK |
Version: 1.4.2
Check: CRAN incoming feasibility
Result: NOTE
Maintainer: ‘Michael P. Fay <mfay@niaid.nih.gov>’
No Authors@R field in DESCRIPTION.
Please add one, modifying
Authors@R: c(person(given = c("Michael", "P."),
family = "Fay",
role = c("aut", "cre"),
email = "mfay@niaid.nih.gov"),
person(given = "Allyson",
family = "Mateja",
role = "ctb"))
as necessary.
Package CITATION file contains call(s) to old-style personList() or
as.personList(). Please use c() on person objects instead.
Package CITATION file contains call(s) to old-style citEntry(). Please
use bibentry() instead.
Flavors: r-devel-linux-x86_64-debian-clang, r-devel-linux-x86_64-debian-gcc
These binaries (installable software) and packages are in development.
They may not be fully stable and should be used with caution. We make no claims about them.