CRAN Package Check Results for Package breathtestcore

Last updated on 2025-10-23 07:49:39 CEST.

Flavor Version Tinstall Tcheck Ttotal Status Flags
r-devel-linux-x86_64-debian-clang 0.8.9 11.73 206.66 218.39 NOTE
r-devel-linux-x86_64-debian-gcc 0.8.9 7.95 142.29 150.24 NOTE
r-devel-linux-x86_64-fedora-clang 0.8.9 65.00 290.43 355.43 NOTE
r-devel-linux-x86_64-fedora-gcc 0.8.9 53.00 310.10 363.10 NOTE
r-devel-windows-x86_64 0.8.9 14.00 178.00 192.00 NOTE
r-patched-linux-x86_64 0.8.9 14.00 195.78 209.78 NOTE
r-release-linux-x86_64 0.8.9 12.79 195.44 208.23 NOTE
r-release-macos-arm64 0.8.9 5.00 85.00 90.00 NOTE
r-release-macos-x86_64 0.8.9 11.00 193.00 204.00 NOTE
r-release-windows-x86_64 0.8.9 17.00 177.00 194.00 NOTE
r-oldrel-macos-arm64 0.8.9 6.00 82.00 88.00 OK
r-oldrel-macos-x86_64 0.8.9 10.00 150.00 160.00 OK
r-oldrel-windows-x86_64 0.8.9 18.00 230.00 248.00 OK

Check Details

Version: 0.8.9
Check: DESCRIPTION meta-information
Result: NOTE Missing dependency on R >= 4.1.0 because package code uses the pipe |> or function shorthand \(...) syntax added in R 4.1.0. File(s) using such syntax: ‘read_any_breathtest.R’ Flavors: r-devel-linux-x86_64-debian-clang, r-devel-linux-x86_64-debian-gcc, r-devel-linux-x86_64-fedora-clang, r-devel-linux-x86_64-fedora-gcc, r-devel-windows-x86_64, r-patched-linux-x86_64, r-release-linux-x86_64, r-release-macos-arm64, r-release-macos-x86_64, r-release-windows-x86_64

Version: 0.8.9
Check: HTML version of manual
Result: NOTE Found the following HTML validation problems: AIC.breathtestnlmefit.html:51:1 (AIC.breathtestnlmefit.Rd:12): Warning: missing </ul> before </div> subsample_data.html:58:1 (subsample_data.Rd:13): Warning: missing </ul> before </div> Flavor: r-devel-linux-x86_64-debian-clang

These binaries (installable software) and packages are in development.
They may not be fully stable and should be used with caution. We make no claims about them.