Last updated on 2025-10-23 07:49:39 CEST.
Flavor | Version | Tinstall | Tcheck | Ttotal | Status | Flags |
---|---|---|---|---|---|---|
r-devel-linux-x86_64-debian-clang | 2.23.0 | 61.09 | 546.73 | 607.82 | NOTE | |
r-devel-linux-x86_64-debian-gcc | 2.23.0 | 42.15 | 349.56 | 391.71 | OK | |
r-devel-linux-x86_64-fedora-clang | 2.23.0 | 329.00 | 649.85 | 978.85 | OK | |
r-devel-linux-x86_64-fedora-gcc | 2.23.0 | 122.00 | 789.26 | 911.26 | OK | |
r-devel-windows-x86_64 | 2.23.0 | 53.00 | 221.00 | 274.00 | OK | --no-examples --no-tests --no-vignettes |
r-patched-linux-x86_64 | 2.23.0 | 69.99 | 513.52 | 583.51 | OK | |
r-release-linux-x86_64 | 2.23.0 | 52.79 | 513.48 | 566.27 | OK | |
r-release-macos-arm64 | 2.23.0 | 23.00 | 214.00 | 237.00 | OK | |
r-release-macos-x86_64 | 2.23.0 | 55.00 | 436.00 | 491.00 | OK | |
r-release-windows-x86_64 | 2.23.0 | 53.00 | 240.00 | 293.00 | OK | --no-examples --no-tests --no-vignettes |
r-oldrel-macos-arm64 | 2.23.0 | 30.00 | 201.00 | 231.00 | NOTE | |
r-oldrel-macos-x86_64 | 2.23.0 | 51.00 | 385.00 | 436.00 | NOTE | |
r-oldrel-windows-x86_64 | 2.23.0 | 78.00 | 221.00 | 299.00 | NOTE | --no-examples --no-tests --no-vignettes |
Version: 2.23.0
Check: HTML version of manual
Result: NOTE
Found the following HTML validation problems:
BetaBinomial.html:91:1 (BetaBinomial.Rd:32): Warning: missing </ul> before </div>
LogisticNormal.html:77:1 (LogisticNormal.Rd:30): Warning: missing </ul> before </div>
cor_arr.html:58:1 (cor_arr.Rd:20): Warning: missing </ul> before </div>
cor_bsts.html:54:1 (cor_bsts.Rd:18): Warning: missing </ul> before </div>
draws-index-brms.html:64:1 (draws-index-brms.Rd:37): Warning: missing </ul> before </div>
expose_functions.brmsfit.html:67:1 (expose_functions.brmsfit.Rd:23): Warning: missing </ul> before </div>
expp1.html:46:1 (expp1.Rd:10): Warning: missing </ul> before </div>
is.brmsfit.html:46:1 (is.brmsfit.Rd:10): Warning: missing </ul> before </div>
is.brmsfit_multiple.html:46:1 (is.brmsfit_multiple.Rd:10): Warning: missing </ul> before </div>
is.brmsformula.html:46:1 (is.brmsformula.Rd:10): Warning: missing </ul> before </div>
is.brmsprior.html:46:1 (is.brmsprior.Rd:10): Warning: missing </ul> before </div>
is.cor_brms.html:57:1 (is.cor_brms.Rd:25): Warning: missing </ul> before </div>
is.mvbrmsformula.html:46:1 (is.mvbrmsformula.Rd:10): Warning: missing </ul> before </div>
logm1.html:51:1 (logm1.Rd:13): Warning: missing </ul> before </div>
nsamples.brmsfit.html:63:1 (nsamples.brmsfit.Rd:19): Warning: missing </ul> before </div>
print.brmsprior.html:57:1 (print.brmsprior.Rd:16): Warning: missing </ul> before </div>
Flavor: r-devel-linux-x86_64-debian-clang
Version: 2.23.0
Check: package dependencies
Result: NOTE
Package suggested but not available for checking: ‘cmdstanr’
Flavors: r-oldrel-macos-arm64, r-oldrel-macos-x86_64
Version: 2.23.0
Check: installed package size
Result: NOTE
installed size is 9.2Mb
sub-directories of 1Mb or more:
R 4.1Mb
doc 3.6Mb
Flavors: r-oldrel-macos-arm64, r-oldrel-macos-x86_64
Version: 2.23.0
Flags: --no-examples --no-tests --no-vignettes
Check: package dependencies
Result: NOTE
Package suggested but not available for checking: 'cmdstanr'
Flavor: r-oldrel-windows-x86_64
Version: 2.23.0
Flags: --no-examples --no-tests --no-vignettes
Check: installed package size
Result: NOTE
installed size is 8.8Mb
sub-directories of 1Mb or more:
R 3.8Mb
doc 3.6Mb
Flavor: r-oldrel-windows-x86_64
These binaries (installable software) and packages are in development.
They may not be fully stable and should be used with caution. We make no claims about them.