Last updated on 2024-05-04 03:50:14 CEST.
Flavor | Version | Tinstall | Tcheck | Ttotal | Status | Flags |
---|---|---|---|---|---|---|
r-devel-linux-x86_64-debian-clang | 1.0.5 | 14.12 | 353.29 | 367.41 | NOTE | |
r-devel-linux-x86_64-fedora-clang | 1.0.5 | 472.86 | NOTE | |||
r-devel-linux-x86_64-fedora-gcc | 1.0.5 | 452.61 | NOTE | |||
r-devel-windows-x86_64 | 1.0.5 | 17.00 | 392.00 | 409.00 | OK | |
r-patched-linux-x86_64 | 1.0.5 | 26.07 | 343.51 | 369.58 | NOTE | |
r-release-linux-x86_64 | 1.0.5 | 9.78 | 338.22 | 348.00 | NOTE | |
r-release-macos-arm64 | 1.0.5 | 125.00 | OK | |||
r-release-windows-x86_64 | 1.0.5 | 15.00 | 419.00 | 434.00 | OK | |
r-oldrel-macos-arm64 | 1.0.5 | 139.00 | OK | |||
r-oldrel-macos-x86_64 | 1.0.5 | 314.00 | OK | |||
r-oldrel-windows-x86_64 | 1.0.5 | 21.00 | 514.00 | 535.00 | OK |
Version: 1.0.5
Check: package dependencies
Result: NOTE
Package suggested but not available for checking: ‘margins’
Flavors: r-devel-linux-x86_64-debian-clang, r-devel-linux-x86_64-fedora-clang, r-devel-linux-x86_64-fedora-gcc, r-patched-linux-x86_64, r-release-linux-x86_64
Version: 1.0.5
Check: Rd cross-references
Result: NOTE
Unknown package ‘margins’ in Rd xrefs
Flavors: r-devel-linux-x86_64-debian-clang, r-devel-linux-x86_64-fedora-clang, r-devel-linux-x86_64-fedora-gcc, r-patched-linux-x86_64, r-release-linux-x86_64
These binaries (installable software) and packages are in development.
They may not be fully stable and should be used with caution. We make no claims about them.