Last updated on 2024-05-04 03:50:14 CEST.
Flavor | Version | Tinstall | Tcheck | Ttotal | Status | Flags |
---|---|---|---|---|---|---|
r-devel-linux-x86_64-debian-clang | 0.0.61 | 22.30 | 31.98 | 54.28 | OK | |
r-devel-linux-x86_64-fedora-clang | 0.0.61 | 79.20 | NOTE | |||
r-devel-linux-x86_64-fedora-gcc | 0.0.61 | 74.87 | OK | |||
r-devel-windows-x86_64 | 0.0.61 | 21.00 | 78.00 | 99.00 | OK | |
r-patched-linux-x86_64 | 0.0.61 | 23.81 | 30.49 | 54.30 | OK | |
r-release-linux-x86_64 | 0.0.61 | 23.96 | 30.46 | 54.42 | OK | |
r-release-macos-arm64 | 0.0.61 | 23.00 | OK | |||
r-release-windows-x86_64 | 0.0.61 | 19.00 | 67.00 | 86.00 | OK | |
r-oldrel-macos-arm64 | 0.0.61 | 25.00 | OK | |||
r-oldrel-macos-x86_64 | 0.0.61 | 37.00 | OK | |||
r-oldrel-windows-x86_64 | 0.0.61 | 22.00 | 73.00 | 95.00 | OK |
Version: 0.0.61
Check: Rd cross-references
Result: NOTE
Undeclared package ‘data.table’ in Rd xrefs
Flavor: r-devel-linux-x86_64-fedora-clang
These binaries (installable software) and packages are in development.
They may not be fully stable and should be used with caution. We make no claims about them.