Last updated on 2024-05-04 03:50:14 CEST.
Flavor | Version | Tinstall | Tcheck | Ttotal | Status | Flags |
---|---|---|---|---|---|---|
r-devel-linux-x86_64-debian-clang | 2.0.2 | 767.95 | 510.60 | 1278.55 | OK | |
r-devel-linux-x86_64-fedora-clang | 2.0.2 | 1830.53 | NOTE | |||
r-devel-linux-x86_64-fedora-gcc | 2.0.2 | 1790.14 | OK | |||
r-devel-windows-x86_64 | 2.0.2 | 597.00 | 414.00 | 1011.00 | NOTE | |
r-patched-linux-x86_64 | 2.0.2 | 775.21 | 430.79 | 1206.00 | OK | |
r-release-linux-x86_64 | 2.0.2 | 703.39 | 422.81 | 1126.20 | OK | |
r-release-macos-arm64 | 2.0.2 | 320.00 | NOTE | |||
r-release-windows-x86_64 | 2.0.2 | 568.00 | 432.00 | 1000.00 | NOTE | |
r-oldrel-macos-arm64 | 2.0.2 | 348.00 | NOTE | |||
r-oldrel-macos-x86_64 | 2.0.2 | 561.00 | NOTE | |||
r-oldrel-windows-x86_64 | 2.0.2 | 718.00 | 476.00 | 1194.00 | NOTE |
Version: 2.0.2
Check: installed package size
Result: NOTE
installed size is 7.1Mb
sub-directories of 1Mb or more:
data 1.1Mb
doc 2.8Mb
libs 2.6Mb
Flavors: r-devel-linux-x86_64-fedora-clang, r-devel-windows-x86_64, r-release-macos-arm64, r-release-windows-x86_64, r-oldrel-macos-arm64, r-oldrel-macos-x86_64, r-oldrel-windows-x86_64
These binaries (installable software) and packages are in development.
They may not be fully stable and should be used with caution. We make no claims about them.