Last updated on 2025-10-23 11:50:08 CEST.
Flavor | Version | Tinstall | Tcheck | Ttotal | Status | Flags |
---|---|---|---|---|---|---|
r-devel-linux-x86_64-debian-clang | 0.71.1 | 5.56 | 40.54 | 46.10 | NOTE | |
r-devel-linux-x86_64-debian-gcc | 0.71.1 | 4.13 | 29.08 | 33.21 | NOTE | |
r-devel-linux-x86_64-fedora-clang | 0.71.1 | 13.00 | 59.22 | 72.22 | NOTE | |
r-devel-linux-x86_64-fedora-gcc | 0.71.1 | 12.00 | 54.88 | 66.88 | NOTE | |
r-devel-windows-x86_64 | 0.71.1 | 8.00 | 60.00 | 68.00 | NOTE | |
r-patched-linux-x86_64 | 0.71.1 | 6.47 | 37.97 | 44.44 | NOTE | |
r-release-linux-x86_64 | 0.71.1 | 5.03 | 37.75 | 42.78 | NOTE | |
r-release-macos-arm64 | 0.71.1 | 3.00 | 21.00 | 24.00 | NOTE | |
r-release-macos-x86_64 | 0.71.1 | 5.00 | 35.00 | 40.00 | NOTE | |
r-release-windows-x86_64 | 0.71.1 | 6.00 | 62.00 | 68.00 | NOTE | |
r-oldrel-macos-arm64 | 0.71.1 | 3.00 | 25.00 | 28.00 | NOTE | |
r-oldrel-macos-x86_64 | 0.71.1 | 4.00 | 28.00 | 32.00 | NOTE | |
r-oldrel-windows-x86_64 | 0.71.1 | 7.00 | 69.00 | 76.00 | NOTE |
Version: 0.71.1
Check: CRAN incoming feasibility
Result: NOTE
Maintainer: ‘Oleg Nenadic <onenadi@uni-goettingen.de>’
Package CITATION file contains call(s) to old-style personList() or
as.personList(). Please use c() on person objects instead.
Package CITATION file contains call(s) to old-style citEntry(). Please
use bibentry() instead.
Flavors: r-devel-linux-x86_64-debian-clang, r-devel-linux-x86_64-debian-gcc
Version: 0.71.1
Check: Rd files
Result: NOTE
checkRd: (-1) plot.ca.rd:53: Lost braces in \itemize; meant \describe ?
checkRd: (-1) plot.ca.rd:56: Lost braces in \itemize; meant \describe ?
checkRd: (-1) plot.ca.rd:59: Lost braces in \itemize; meant \describe ?
checkRd: (-1) plot.ca.rd:62: Lost braces in \itemize; meant \describe ?
checkRd: (-1) plot.mjca.rd:57: Lost braces in \itemize; meant \describe ?
checkRd: (-1) plot.mjca.rd:60: Lost braces in \itemize; meant \describe ?
checkRd: (-1) plot.mjca.rd:63: Lost braces in \itemize; meant \describe ?
checkRd: (-1) plot.mjca.rd:66: Lost braces in \itemize; meant \describe ?
Flavors: r-devel-linux-x86_64-debian-clang, r-devel-linux-x86_64-debian-gcc, r-devel-linux-x86_64-fedora-clang, r-devel-linux-x86_64-fedora-gcc, r-devel-windows-x86_64, r-patched-linux-x86_64, r-release-linux-x86_64, r-release-macos-arm64, r-release-macos-x86_64, r-release-windows-x86_64, r-oldrel-macos-arm64, r-oldrel-macos-x86_64, r-oldrel-windows-x86_64
These binaries (installable software) and packages are in development.
They may not be fully stable and should be used with caution. We make no claims about them.